{"id":49553,"date":"2024-09-17T10:37:19","date_gmt":"2024-09-17T08:37:19","guid":{"rendered":"https:\/\/test.africologne-festival.de\/team\/kerstin-ortmeier\/"},"modified":"2025-02-20T15:31:46","modified_gmt":"2025-02-20T14:31:46","slug":"kerstin-ortmeier","status":"publish","type":"page","link":"https:\/\/africologne-festival.de\/en\/team\/kerstin-ortmeier\/","title":{"rendered":"Kerstin Ortmeier"},"content":{"rendered":"<p>[et_pb_section fb_built=&#8221;1&#8243; _builder_version=&#8221;4.27.0&#8243; custom_padding=&#8221;18vh||6vh||false|false&#8221; global_colors_info=&#8221;{}&#8221; admin_label=&#8221;Sektion&#8221; background_color=&#8221;#000000&#8243; background_enable_image=&#8221;off&#8221;][et_pb_row _builder_version=&#8221;4.16&#8243; global_colors_info=&#8221;{}&#8221;][et_pb_column type=&#8221;4_4&#8243; _builder_version=&#8221;4.16&#8243; global_colors_info=&#8221;{}&#8221;][et_pb_text admin_label=&#8221;Text&#8221; _builder_version=&#8221;4.27.0&#8243; _module_preset=&#8221;default&#8221; header_font=&#8221;|||on|||||&#8221; header_text_color=&#8221;#FFFFFF&#8221; header_font_size=&#8221;56px&#8221; text_orientation=&#8221;center&#8221; header_font_size_tablet=&#8221;56px&#8221; header_font_size_phone=&#8221;56px&#8221; header_font_size_last_edited=&#8221;on|phone&#8221; global_colors_info=&#8221;{}&#8221;]<\/p>\n<h1>Meet the team<\/h1>\n<p>[\/et_pb_text][\/et_pb_column][\/et_pb_row][\/et_pb_section][et_pb_section fb_built=&#8221;1&#8243; _builder_version=&#8221;4.27.0&#8243; _module_preset=&#8221;default&#8221; background_color=&#8221;#821DC8&#8243; custom_padding=&#8221;42px||42px||true|false&#8221; global_colors_info=&#8221;{}&#8221;][et_pb_row _builder_version=&#8221;4.27.0&#8243; _module_preset=&#8221;default&#8221; background_color=&#8221;#FFFFFF&#8221; background_image=&#8221;https:\/\/africologne-festival.de\/wp-content\/uploads\/2024\/09\/GreenBackgroundPattern.png&#8221; background_size=&#8221;custom&#8221; background_position=&#8221;center_right&#8221; positioning=&#8221;none&#8221; z_index=&#8221;259&#8243; custom_padding=&#8221;42px|42px|42px|42px|true|true&#8221; global_colors_info=&#8221;{}&#8221;][et_pb_column type=&#8221;4_4&#8243; _builder_version=&#8221;4.27.0&#8243; _module_preset=&#8221;default&#8221; global_colors_info=&#8221;{}&#8221;][et_pb_image src=&#8221;https:\/\/africologne-festival.de\/wp-content\/uploads\/2024\/09\/ORTMMEIER_foto.jpg&#8221; alt=&#8221;ORTMMEIER photo&#8221; title_text=&#8221;ORTMMEIER photo&#8221; _builder_version=&#8221;4.27.0&#8243; _module_preset=&#8221;default&#8221; global_colors_info=&#8221;{}&#8221;][\/et_pb_image][et_pb_text admin_label=&#8221;Text&#8221; _builder_version=&#8221;4.27.0&#8243; _module_preset=&#8221;default&#8221; global_colors_info=&#8221;{}&#8221;]<\/p>\n<h2>Kerstin Ortmeier \/ Artistic Director africologne<\/h2>\n<p>[\/et_pb_text][et_pb_text _builder_version=&#8221;4.27.0&#8243; _module_preset=&#8221;default&#8221; global_colors_info=&#8221;{}&#8221;]<\/p>\n<p>Born in Nuremberg. She studied Modern German Literature, Romance Studies and Theater and Media Studies in Erlangen and Aix-en-Provence. She has worked for various daily newspapers as well as news and cultural editorial offices of public broadcasters and as an assistant director and production assistant for Eikon Media in Berlin.<\/p>\n<p>She worked as an assistant dramaturg at the Staatstheater N\u00fcrnberg and as a freelancer in the fields of production, organization, PR and dramaturgy, among others for the international dance and theater festival and symposium off limits in Dortmund, the multimedia, interdisciplinary, EU-funded art project &#8220;HANGING AROUND\/ HeimatQuartier&#8221; and the international authors&#8217; meeting of the M\u00fclheimer Theatertage NRW &#8220;St\u00fccke &#8217;06&#8221;.<\/p>\n<p>From 2008 she worked as assistant to the artistic director (Amelie Deuflhard) for the Internationale Kulturfabrik Kampnagel in Hamburg. From 2009 to 2016 she was a dramaturge at the Theater im Bauturm. In the fall of 2010, she was responsible for the dramaturgy of the theater festival R\u00e9cr\u00e9\u00e2trales in Burkina Faso and initiated africologne together with Gerhardt Haag in 2011. In 2022 she also worked as a program curator at the Humboldt Forum in Berlin.<\/p>\n<p>[\/et_pb_text][et_pb_icon font_icon=&#8221;&#xe010;||divi||400&#8243; icon_width=&#8221;78px&#8221; url=&#8221;mailto:ortmeier@africologne.org&#8221; url_new_window=&#8221;on&#8221; align=&#8221;left&#8221; _builder_version=&#8221;4.27.0&#8243; _module_preset=&#8221;default&#8221; background_enable_color=&#8221;off&#8221; custom_padding=&#8221;18px|18px|18px|18px|true|true&#8221; border_radii=&#8221;on|50%|50%|50%|50%&#8221; global_colors_info=&#8221;{}&#8221; background__hover_enabled=&#8221;on|hover&#8221; background_color__hover=&#8221;#D8FF00&#8243; background_enable_color__hover=&#8221;on&#8221;][\/et_pb_icon][\/et_pb_column][\/et_pb_row][\/et_pb_section]<\/p>\n","protected":false},"excerpt":{"rendered":"<p>Meet the teamKerstin Ortmeier \/ Artistic Director africologneBorn in Nuremberg. She studied Modern German Literature, Romance Studies and Theater and Media Studies in Erlangen and Aix-en-Provence. She has worked for various daily newspapers as well as news and cultural editorial offices of public broadcasters and as an assistant director and production assistant for Eikon Media [&hellip;]<\/p>\n","protected":false},"author":9,"featured_media":0,"parent":51798,"menu_order":0,"comment_status":"closed","ping_status":"closed","template":"","meta":{"_acf_changed":false,"_et_pb_use_builder":"on","_et_pb_old_content":"","_et_gb_content_width":"","footnotes":""},"difl_page_category":[],"class_list":["post-49553","page","type-page","status-publish","hentry"],"acf":[],"_links":{"self":[{"href":"https:\/\/africologne-festival.de\/en\/wp-json\/wp\/v2\/pages\/49553","targetHints":{"allow":["GET"]}}],"collection":[{"href":"https:\/\/africologne-festival.de\/en\/wp-json\/wp\/v2\/pages"}],"about":[{"href":"https:\/\/africologne-festival.de\/en\/wp-json\/wp\/v2\/types\/page"}],"author":[{"embeddable":true,"href":"https:\/\/africologne-festival.de\/en\/wp-json\/wp\/v2\/users\/9"}],"replies":[{"embeddable":true,"href":"https:\/\/africologne-festival.de\/en\/wp-json\/wp\/v2\/comments?post=49553"}],"version-history":[{"count":3,"href":"https:\/\/africologne-festival.de\/en\/wp-json\/wp\/v2\/pages\/49553\/revisions"}],"predecessor-version":[{"id":51256,"href":"https:\/\/africologne-festival.de\/en\/wp-json\/wp\/v2\/pages\/49553\/revisions\/51256"}],"up":[{"embeddable":true,"href":"https:\/\/africologne-festival.de\/en\/wp-json\/wp\/v2\/pages\/51798"}],"wp:attachment":[{"href":"https:\/\/africologne-festival.de\/en\/wp-json\/wp\/v2\/media?parent=49553"}],"wp:term":[{"taxonomy":"difl_page_category","embeddable":true,"href":"https:\/\/africologne-festival.de\/en\/wp-json\/wp\/v2\/difl_page_category?post=49553"}],"curies":[{"name":"wp","href":"https:\/\/api.w.org\/{rel}","templated":true}]}}

<p>[et_pb_section fb_built=&#8221;1&#8243; _builder_version=&#8221;4.27.0&#8243; custom_padding=&#8221;18vh||6vh||false|false&#8221; global_colors_info=&#8221;{}&#8221; admin_label=&#8221;Sektion&#8221; background_color=&#8221;#000000&#8243; background_enable_image=&#8221;off&#8221;][et_pb_row _builder_version=&#8221;4.16&#8243; global_colors_info=&#8221;{}&#8221;][et_pb_column type=&#8221;4_4&#8243; _builder_version=&#8221;4.16&#8243; global_colors_info=&#8221;{}&#8221;][et_pb_text admin_label=&#8221;Text&#8221; _builder_version=&#8221;4.27.0&#8243; _module_preset=&#8221;default&#8221; header_font=&#8221;|||on|||||&#8221; header_text_color=&#8221;#FFFFFF&#8221; header_font_size=&#8221;56px&#8221; text_orientation=&#8221;center&#8221; header_font_size_tablet=&#8221;56px&#8221; header_font_size_phone=&#8221;56px&#8221; header_font_size_last_edited=&#8221;on|phone&#8221; global_colors_info=&#8221;{}&#8221;]</p>
<h1>Meet the team</h1>
<p>[/et_pb_text][/et_pb_column][/et_pb_row][/et_pb_section][et_pb_section fb_built=&#8221;1&#8243; _builder_version=&#8221;4.27.0&#8243; _module_preset=&#8221;default&#8221; background_color=&#8221;#821DC8&#8243; custom_padding=&#8221;42px||42px||true|false&#8221; global_colors_info=&#8221;{}&#8221;][et_pb_row _builder_version=&#8221;4.27.0&#8243; _module_preset=&#8221;default&#8221; background_color=&#8221;#FFFFFF&#8221; background_image=&#8221;https://africologne-festival.de/wp-content/uploads/2024/09/GreenBackgroundPattern.png&#8221; background_size=&#8221;custom&#8221; background_position=&#8221;center_right&#8221; positioning=&#8221;none&#8221; z_index=&#8221;259&#8243; custom_padding=&#8221;42px|42px|42px|42px|true|true&#8221; global_colors_info=&#8221;{}&#8221;][et_pb_column type=&#8221;4_4&#8243; _builder_version=&#8221;4.27.0&#8243; _module_preset=&#8221;default&#8221; global_colors_info=&#8221;{}&#8221;][et_pb_image src=&#8221;https://africologne-festival.de/wp-content/uploads/2024/09/ORTMMEIER_foto.jpg&#8221; alt=&#8221;ORTMMEIER photo&#8221; title_text=&#8221;ORTMMEIER photo&#8221; _builder_version=&#8221;4.27.0&#8243; _module_preset=&#8221;default&#8221; global_colors_info=&#8221;{}&#8221;][/et_pb_image][et_pb_text admin_label=&#8221;Text&#8221; _builder_version=&#8221;4.27.0&#8243; _module_preset=&#8221;default&#8221; global_colors_info=&#8221;{}&#8221;]</p>
<h2>Kerstin Ortmeier / Artistic Director africologne</h2>
<p>[/et_pb_text][et_pb_text _builder_version=&#8221;4.27.0&#8243; _module_preset=&#8221;default&#8221; global_colors_info=&#8221;{}&#8221;]</p>
<p>Born in Nuremberg. She studied Modern German Literature, Romance Studies and Theater and Media Studies in Erlangen and Aix-en-Provence. She has worked for various daily newspapers as well as news and cultural editorial offices of public broadcasters and as an assistant director and production assistant for Eikon Media in Berlin.</p>
<p>She worked as an assistant dramaturg at the Staatstheater Nürnberg and as a freelancer in the fields of production, organization, PR and dramaturgy, among others for the international dance and theater festival and symposium off limits in Dortmund, the multimedia, interdisciplinary, EU-funded art project &#8220;HANGING AROUND/ HeimatQuartier&#8221; and the international authors&#8217; meeting of the Mülheimer Theatertage NRW &#8220;Stücke &#8217;06&#8221;.</p>
<p>From 2008 she worked as assistant to the artistic director (Amelie Deuflhard) for the Internationale Kulturfabrik Kampnagel in Hamburg. From 2009 to 2016 she was a dramaturge at the Theater im Bauturm. In the fall of 2010, she was responsible for the dramaturgy of the theater festival Récréâtrales in Burkina Faso and initiated africologne together with Gerhardt Haag in 2011. In 2022 she also worked as a program curator at the Humboldt Forum in Berlin.</p>
<p>[/et_pb_text][et_pb_icon font_icon=&#8221;&#xe010;||divi||400&#8243; icon_width=&#8221;78px&#8221; url=&#8221;mailto:ortmeier@africologne.org&#8221; url_new_window=&#8221;on&#8221; align=&#8221;left&#8221; _builder_version=&#8221;4.27.0&#8243; _module_preset=&#8221;default&#8221; background_enable_color=&#8221;off&#8221; custom_padding=&#8221;18px|18px|18px|18px|true|true&#8221; border_radii=&#8221;on|50%|50%|50%|50%&#8221; global_colors_info=&#8221;{}&#8221; background__hover_enabled=&#8221;on|hover&#8221; background_color__hover=&#8221;#D8FF00&#8243; background_enable_color__hover=&#8221;on&#8221;][/et_pb_icon][/et_pb_column][/et_pb_row][/et_pb_section]</p>
