{"id":49615,"date":"2023-06-05T15:31:00","date_gmt":"2023-06-05T13:31:00","guid":{"rendered":"https:\/\/test.africologne-festival.de\/project\/terre-ceinte-banned-land\/"},"modified":"2025-02-20T14:46:57","modified_gmt":"2025-02-20T13:46:57","slug":"terre-ceinte-banned-land","status":"publish","type":"project","link":"https:\/\/africologne-festival.de\/en\/project\/terre-ceinte-banned-land\/","title":{"rendered":"Terre Ceinte &#8211; Banned land"},"content":{"rendered":"\n<p>In Kalep, a town in Sumal controlled by the brutal power of the Islamists, two young people are executed because they entered into a love affair. Resistance fighters try to oppose this new world order by publishing an underground newspaper. The Senegalese writer Mohamed Mbougar Sarr (2021 Prix Goncourt winner) describes how resistance is forming against this new world order characterized by violence and questions concepts such as courage and cowardice, heroism and fear, responsibility and truth. Vibrant dialogs, strong narrative moments and the exchange of letters between the mothers of the two victims create a contemporary reflection on a situation of terror and jihadism in the Sahel region and negotiates internal and external resistance.   <\/p>\n\n<figure class=\"wp-block-image size-full\"><img loading=\"lazy\" decoding=\"async\" width=\"1024\" height=\"586\" src=\"https:\/\/africologne-festival.de\/wp-content\/uploads\/2024\/09\/Terre-Ceinte_photo7_GROSS.jpg\" alt=\"Terre Ceinte photo7 GROSS\" class=\"wp-image-48563\" srcset=\"https:\/\/africologne-festival.de\/wp-content\/uploads\/2024\/09\/Terre-Ceinte_photo7_GROSS.jpg 1024w, https:\/\/africologne-festival.de\/wp-content\/uploads\/2024\/09\/Terre-Ceinte_photo7_GROSS-980x561.jpg 980w, https:\/\/africologne-festival.de\/wp-content\/uploads\/2024\/09\/Terre-Ceinte_photo7_GROSS-480x275.jpg 480w\" sizes=\"(min-width: 0px) and (max-width: 480px) 480px, (min-width: 481px) and (max-width: 980px) 980px, (min-width: 981px) 1024px, 100vw\" \/><\/figure>\n\n<p>&#8220;For some years now, our humanity has been the scene of an unprecedented barbarism. An unprecedented violence, a sudden madness, an infinite nightmare, a dense night that envelops the horizon of our mothers, our fathers, our sisters, our brothers and our children. (&#8230;) How did we come to this? And above all, what can we do? Terre ceinte is an attempt to talk about what is happening to us. To look ourselves in the face. Mohamed Mbougar Sarr, the author of this great novel, has already drawn the furrows of refusal of humiliation and degradation with his characters.&#8221;  <em>Aristide Tarnagda<\/em><\/p>\n\n<hr class=\"wp-block-separator has-alpha-channel-opacity\"\/>\n\n<p><strong>BASED ON THE ROMAN<\/strong> Terre Ceinte by Mohamed Mbougar Sarr | <strong>DESIGNED AND DIRECTED <\/strong>BY Aris-tide Tarnagda | <strong>CO-DIRECTED BY<\/strong> Safourata Kabor\u00e9 and Vincent Kabor\u00e9 <strong>DRAMATURGY <\/strong>Jessie Mill | <strong>SCENE DESIGN <\/strong>Yssouf Yaguibou | <strong>WITH <\/strong>Odile Sankara, Minata Diene, Serge Henry, Alain Hema, R\u00e9mi Yam\u00e9ogo, No\u00ebl Minoungou and Ali K. Ou\u00e9draogo | <strong>MUSIC <\/strong>Sydyr | <strong>LIGHTING <\/strong>Mohamed Kabor\u00e9 | <strong>COSTUME <\/strong>Adjara Samandoulgou | <strong>PRODUCTION <\/strong>Th\u00e9\u00e2tre Acclamations (Burkina Faso) | <strong>COPRODUCTION<\/strong> Le Th\u00e9\u00e2tre de Namur, Le Grand T (Nantes), MC93 (Bobigny) | <strong>TOURNEE DISTRIBUTION<\/strong> La Charge du Rhinoc\u00e9ros<\/p>\n\n<p><strong>Aristide Tarnagda<\/strong>, born in 1983, is an actor, director and playwright. After studying sociology in Ouagadougou, he soon began working as an actor and director for the Th\u00e9\u00e2tre de la Fraternit\u00e9 and founded the Compagnie Th\u00e9\u00e2tre Acclamations in 2005. He has directed the Les R\u00e9cr\u00e9\u00e2trales festival in Ouagadougou since 2018. He anchors his own plays in the reality of Burkina Faso, but transcends it with a suggestive power that enables him to be heard far beyond the borders of his country. He has already been a guest at africologne with <em>Terre rouge (Red Earth)<\/em> and <em>Et si je les tuais tous, Madame (And if I were to kill them all, Madame)<\/em>, among others. In 2022, he stirred up emotions at the R\u00e9cr\u00e9\u00e2trales Festival with his work <em>Tu dis PDI <\/em>with around 50 internally displaced people fleeing attacks by jihadists in their own country (Burkina Faso). In 2023 he will be the patron of the africologneFESTIVAL.      <\/p>\n\n<p><strong>Mohamed Mbougar Sarr,<\/strong> born in Dakar in 1990, grew up in Senegal and studied literature and philosophy in France. He has already published three novels, for which he was awarded the <em>Prix St\u00e9phane-Hessel <\/em>and <em>Grand prix du roman m\u00e9tis<\/em>, among others. He was awarded the Prix Goncourt in 2021 for <em>Die geheimste Erinnerung der Menschen <\/em>(Hanser, 2022), his first work to be published in German.  <\/p>\n","protected":false},"excerpt":{"rendered":"<p>In Kalep, a town in Sumal controlled by the brutal power of the Islamists, two young people are executed because they entered into a love affair. Resistance fighters try to oppose this new world order by publishing an underground newspaper.<\/p>\n","protected":false},"author":9,"featured_media":49220,"comment_status":"closed","ping_status":"closed","template":"","meta":{"_acf_changed":false,"_et_pb_use_builder":"","_et_pb_old_content":"","_et_gb_content_width":"","footnotes":""},"project_category":[82],"project_tag":[],"class_list":["post-49615","project","type-project","status-publish","has-post-thumbnail","hentry","project_category-2023-en"],"acf":[],"_links":{"self":[{"href":"https:\/\/africologne-festival.de\/en\/wp-json\/wp\/v2\/project\/49615","targetHints":{"allow":["GET"]}}],"collection":[{"href":"https:\/\/africologne-festival.de\/en\/wp-json\/wp\/v2\/project"}],"about":[{"href":"https:\/\/africologne-festival.de\/en\/wp-json\/wp\/v2\/types\/project"}],"author":[{"embeddable":true,"href":"https:\/\/africologne-festival.de\/en\/wp-json\/wp\/v2\/users\/9"}],"replies":[{"embeddable":true,"href":"https:\/\/africologne-festival.de\/en\/wp-json\/wp\/v2\/comments?post=49615"}],"version-history":[{"count":3,"href":"https:\/\/africologne-festival.de\/en\/wp-json\/wp\/v2\/project\/49615\/revisions"}],"predecessor-version":[{"id":51117,"href":"https:\/\/africologne-festival.de\/en\/wp-json\/wp\/v2\/project\/49615\/revisions\/51117"}],"wp:featuredmedia":[{"embeddable":true,"href":"https:\/\/africologne-festival.de\/en\/wp-json\/wp\/v2\/media\/49220"}],"wp:attachment":[{"href":"https:\/\/africologne-festival.de\/en\/wp-json\/wp\/v2\/media?parent=49615"}],"wp:term":[{"taxonomy":"project_category","embeddable":true,"href":"https:\/\/africologne-festival.de\/en\/wp-json\/wp\/v2\/project_category?post=49615"},{"taxonomy":"project_tag","embeddable":true,"href":"https:\/\/africologne-festival.de\/en\/wp-json\/wp\/v2\/project_tag?post=49615"}],"curies":[{"name":"wp","href":"https:\/\/api.w.org\/{rel}","templated":true}]}}

<p>In Kalep, a town in Sumal controlled by the brutal power of the Islamists, two young people are executed because they entered into a love affair. Resistance fighters try to oppose this new world order by publishing an underground newspaper. The Senegalese writer Mohamed Mbougar Sarr (2021 Prix Goncourt winner) describes how resistance is forming against this new world order characterized by violence and questions concepts such as courage and cowardice, heroism and fear, responsibility and truth. Vibrant dialogs, strong narrative moments and the exchange of letters between the mothers of the two victims create a contemporary reflection on a situation of terror and jihadism in the Sahel region and negotiates internal and external resistance.   </p>

<figure class="wp-block-image size-full"><img loading="lazy" decoding="async" width="1024" height="586" src="https://africologne-festival.de/wp-content/uploads/2024/09/Terre-Ceinte_photo7_GROSS.jpg" alt="Terre Ceinte photo7 GROSS" class="wp-image-48563" srcset="https://africologne-festival.de/wp-content/uploads/2024/09/Terre-Ceinte_photo7_GROSS.jpg 1024w, https://africologne-festival.de/wp-content/uploads/2024/09/Terre-Ceinte_photo7_GROSS-980x561.jpg 980w, https://africologne-festival.de/wp-content/uploads/2024/09/Terre-Ceinte_photo7_GROSS-480x275.jpg 480w" sizes="(min-width: 0px) and (max-width: 480px) 480px, (min-width: 481px) and (max-width: 980px) 980px, (min-width: 981px) 1024px, 100vw" /></figure>

<p>&#8220;For some years now, our humanity has been the scene of an unprecedented barbarism. An unprecedented violence, a sudden madness, an infinite nightmare, a dense night that envelops the horizon of our mothers, our fathers, our sisters, our brothers and our children. (&#8230;) How did we come to this? And above all, what can we do? Terre ceinte is an attempt to talk about what is happening to us. To look ourselves in the face. Mohamed Mbougar Sarr, the author of this great novel, has already drawn the furrows of refusal of humiliation and degradation with his characters.&#8221;  <em>Aristide Tarnagda</em></p>

<hr class="wp-block-separator has-alpha-channel-opacity"/>

<p><strong>BASED ON THE ROMAN</strong> Terre Ceinte by Mohamed Mbougar Sarr | <strong>DESIGNED AND DIRECTED </strong>BY Aris-tide Tarnagda | <strong>CO-DIRECTED BY</strong> Safourata Kaboré and Vincent Kaboré <strong>DRAMATURGY </strong>Jessie Mill | <strong>SCENE DESIGN </strong>Yssouf Yaguibou | <strong>WITH </strong>Odile Sankara, Minata Diene, Serge Henry, Alain Hema, Rémi Yaméogo, Noël Minoungou and Ali K. Ouédraogo | <strong>MUSIC </strong>Sydyr | <strong>LIGHTING </strong>Mohamed Kaboré | <strong>COSTUME </strong>Adjara Samandoulgou | <strong>PRODUCTION </strong>Théâtre Acclamations (Burkina Faso) | <strong>COPRODUCTION</strong> Le Théâtre de Namur, Le Grand T (Nantes), MC93 (Bobigny) | <strong>TOURNEE DISTRIBUTION</strong> La Charge du Rhinocéros</p>

<p><strong>Aristide Tarnagda</strong>, born in 1983, is an actor, director and playwright. After studying sociology in Ouagadougou, he soon began working as an actor and director for the Théâtre de la Fraternité and founded the Compagnie Théâtre Acclamations in 2005. He has directed the Les Récréâtrales festival in Ouagadougou since 2018. He anchors his own plays in the reality of Burkina Faso, but transcends it with a suggestive power that enables him to be heard far beyond the borders of his country. He has already been a guest at africologne with <em>Terre rouge (Red Earth)</em> and <em>Et si je les tuais tous, Madame (And if I were to kill them all, Madame)</em>, among others. In 2022, he stirred up emotions at the Récréâtrales Festival with his work <em>Tu dis PDI </em>with around 50 internally displaced people fleeing attacks by jihadists in their own country (Burkina Faso). In 2023 he will be the patron of the africologneFESTIVAL.      </p>

<p><strong>Mohamed Mbougar Sarr,</strong> born in Dakar in 1990, grew up in Senegal and studied literature and philosophy in France. He has already published three novels, for which he was awarded the <em>Prix Stéphane-Hessel </em>and <em>Grand prix du roman métis</em>, among others. He was awarded the Prix Goncourt in 2021 for <em>Die geheimste Erinnerung der Menschen </em>(Hanser, 2022), his first work to be published in German.  </p>
