{"id":49549,"date":"2024-09-17T10:37:19","date_gmt":"2024-09-17T08:37:19","guid":{"rendered":"https:\/\/test.africologne-festival.de\/equipe\/kerstin-ortmeier\/"},"modified":"2025-03-04T11:57:33","modified_gmt":"2025-03-04T10:57:33","slug":"kerstin-ortmeier","status":"publish","type":"page","link":"https:\/\/africologne-festival.de\/fr\/equipe\/kerstin-ortmeier\/","title":{"rendered":"Kerstin Ortmeier"},"content":{"rendered":"<p>[et_pb_section fb_built=\u00a0\u00bb1&Prime; _builder_version=\u00a0\u00bb4.27.0&Prime; custom_padding=\u00a0\u00bb18vh||6vh||false|false\u00a0\u00bb global_colors_info=\u00a0\u00bb{}\u00a0\u00bb admin_label=\u00a0\u00bbSektion\u00a0\u00bb background_color=\u00a0\u00bb#000000&Prime; background_enable_image=\u00a0\u00bboff\u00a0\u00bb][et_pb_row _builder_version=\u00a0\u00bb4.16&Prime; global_colors_info=\u00a0\u00bb{}\u00a0\u00bb][et_pb_column type=\u00a0\u00bb4_4&Prime; _builder_version=\u00a0\u00bb4.16&Prime; global_colors_info=\u00a0\u00bb{}\u00a0\u00bb][et_pb_text admin_label=\u00a0\u00bbText\u00a0\u00bb _builder_version=\u00a0\u00bb4.27.0&Prime; _module_preset=\u00a0\u00bbdefault\u00a0\u00bb header_font=\u00a0\u00bb|||on|||||\u00a0\u00bb header_text_color=\u00a0\u00bb#FFFFFF\u00a0\u00bb header_font_size=\u00a0\u00bb56px\u00a0\u00bb text_orientation=\u00a0\u00bbcenter\u00a0\u00bb header_font_size_tablet=\u00a0\u00bb56px\u00a0\u00bb header_font_size_phone=\u00a0\u00bb56px\u00a0\u00bb header_font_size_last_edited=\u00a0\u00bbon|phone\u00a0\u00bb global_colors_info=\u00a0\u00bb{}\u00a0\u00bb]<\/p>\n<h1>Rencontrez l&rsquo;\u00e9quipe<\/h1>\n<p>[\/et_pb_text][\/et_pb_column][\/et_pb_row][\/et_pb_section][et_pb_section fb_built=\u00a0\u00bb1&Prime; _builder_version=\u00a0\u00bb4.27.0&Prime; _module_preset=\u00a0\u00bbdefault\u00a0\u00bb background_color=\u00a0\u00bb#821DC8&Prime; custom_padding=\u00a0\u00bb42px||42px||true|false\u00a0\u00bb global_colors_info=\u00a0\u00bb{}\u00a0\u00bb][et_pb_row _builder_version=\u00a0\u00bb4.27.0&Prime; _module_preset=\u00a0\u00bbdefault\u00a0\u00bb background_color=\u00a0\u00bb#FFFFFF\u00a0\u00bb background_image=\u00a0\u00bbhttps:\/\/africologne-festival.de\/wp-content\/uploads\/2024\/09\/GreenBackgroundPattern.png\u00a0\u00bb background_size=\u00a0\u00bbcustom\u00a0\u00bb background_position=\u00a0\u00bbcenter_right\u00a0\u00bb positioning=\u00a0\u00bbnone\u00a0\u00bb z_index=\u00a0\u00bb259&Prime; custom_padding=\u00a0\u00bb42px|42px|42px|42px|true|true\u00a0\u00bb global_colors_info=\u00a0\u00bb{}\u00a0\u00bb][et_pb_column type=\u00a0\u00bb4_4&Prime; _builder_version=\u00a0\u00bb4.27.0&Prime; _module_preset=\u00a0\u00bbdefault\u00a0\u00bb global_colors_info=\u00a0\u00bb{}\u00a0\u00bb][et_pb_image src=\u00a0\u00bbhttps:\/\/africologne-festival.de\/wp-content\/uploads\/2024\/09\/ORTMMEIER_foto.jpg\u00a0\u00bb alt=\u00a0\u00bbORTMMEIER photo\u00a0\u00bb title_text=\u00a0\u00bbORTMMEIER photo\u00a0\u00bb _builder_version=\u00a0\u00bb4.27.0&Prime; _module_preset=\u00a0\u00bbdefault\u00a0\u00bb global_colors_info=\u00a0\u00bb{}\u00a0\u00bb][\/et_pb_image][et_pb_text admin_label=\u00a0\u00bbText\u00a0\u00bb _builder_version=\u00a0\u00bb4.27.0&Prime; _module_preset=\u00a0\u00bbdefault\u00a0\u00bb global_colors_info=\u00a0\u00bb{}\u00a0\u00bb]<\/p>\n<h2>Kerstin Ortmeier \/ Directrice artistique d&rsquo;africologne<\/h2>\n<p>[\/et_pb_text][et_pb_text _builder_version=\u00a0\u00bb4.27.0&Prime; _module_preset=\u00a0\u00bbdefault\u00a0\u00bb global_colors_info=\u00a0\u00bb{}\u00a0\u00bb]<\/p>\n<p>N\u00e9e \u00e0 Nuremberg. Elle a \u00e9tudi\u00e9 l&rsquo;histoire de la litt\u00e9rature allemande moderne, la philologie romane ainsi que les sciences du th\u00e9\u00e2tre et des m\u00e9dias \u00e0 Erlangen et Aix-en-Provence. Elle a travaill\u00e9 pour diff\u00e9rents quotidiens ainsi que pour des r\u00e9dactions d&rsquo;information et de culture de cha\u00eenes de radio et de t\u00e9l\u00e9vision publiques, et a \u00e9t\u00e9 assistante de r\u00e9alisation et de production pour Eikon Media \u00e0 Berlin.<\/p>\n<p>Elle a \u00e9t\u00e9 assistante dramaturge au Staatstheater N\u00fcrnberg et a travaill\u00e9 en free-lance dans les domaines de la production, de l&rsquo;organisation, des relations publiques et de la dramaturgie, notamment pour le festival international de danse et de th\u00e9\u00e2tre et le symposium off limits \u00e0 Dortmund, le projet artistique multim\u00e9dia et interdisciplinaire \u00ab HANGING AROUND\/ HeimatQuartier \u00bb, soutenu par l&rsquo;UE, ainsi que la rencontre internationale d&rsquo;auteurs des M\u00fclheimer Theatertage NRW \u00ab St\u00fccke &rsquo;06 \u00bb.<\/p>\n<p>\u00c0 partir de 2008, elle a travaill\u00e9 comme assistante de la direction artistique (Am\u00e9lie Deuflhard) pour la Internationale Kulturfabrik Kampnagel \u00e0 Hambourg. De 2009 \u00e0 2016, elle a \u00e9t\u00e9 conseill\u00e8re dramaturgique au Theater im Bauturm. En automne 2010, elle s&rsquo;est occup\u00e9e de la dramaturgie des cr\u00e9ations originales du festival de th\u00e9\u00e2tre R\u00e9cr\u00e9\u00e2trales au Burkina Faso et a initi\u00e9 africologne en 2011 avec Gerhardt Haag. En 2022, elle a \u00e9galement travaill\u00e9 comme commissaire de programme au Humboldt Forum \u00e0 Berlin.<\/p>\n<p>[\/et_pb_text][et_pb_icon font_icon=\u00a0\u00bb&#xe010;||divi||400&Prime; icon_width=\u00a0\u00bb78px\u00a0\u00bb url=\u00a0\u00bbmailto:ortmeier@africologne.org\u00a0\u00bb url_new_window=\u00a0\u00bbon\u00a0\u00bb align=\u00a0\u00bbleft\u00a0\u00bb _builder_version=\u00a0\u00bb4.27.0&Prime; _module_preset=\u00a0\u00bbdefault\u00a0\u00bb background_enable_color=\u00a0\u00bboff\u00a0\u00bb custom_padding=\u00a0\u00bb18px|18px|18px|18px|true|true\u00a0\u00bb border_radii=\u00a0\u00bbon|50%|50%|50%|50%\u00a0\u00bb global_colors_info=\u00a0\u00bb{}\u00a0\u00bb background__hover_enabled=\u00a0\u00bbon|hover\u00a0\u00bb background_color__hover=\u00a0\u00bb#D8FF00&Prime; background_enable_color__hover=\u00a0\u00bbon\u00a0\u00bb][\/et_pb_icon][\/et_pb_column][\/et_pb_row][\/et_pb_section]<\/p>\n","protected":false},"excerpt":{"rendered":"<p>Rencontrez l&rsquo;\u00e9quipeKerstin Ortmeier \/ Directrice artistique d&rsquo;africologneN\u00e9e \u00e0 Nuremberg. Elle a \u00e9tudi\u00e9 l&rsquo;histoire de la litt\u00e9rature allemande moderne, la philologie romane ainsi que les sciences du th\u00e9\u00e2tre et des m\u00e9dias \u00e0 Erlangen et Aix-en-Provence. Elle a travaill\u00e9 pour diff\u00e9rents quotidiens ainsi que pour des r\u00e9dactions d&rsquo;information et de culture de cha\u00eenes de radio et de [&hellip;]<\/p>\n","protected":false},"author":9,"featured_media":0,"parent":51801,"menu_order":0,"comment_status":"closed","ping_status":"closed","template":"","meta":{"_acf_changed":false,"_et_pb_use_builder":"on","_et_pb_old_content":"","_et_gb_content_width":"","footnotes":""},"difl_page_category":[],"class_list":["post-49549","page","type-page","status-publish","hentry"],"acf":[],"_links":{"self":[{"href":"https:\/\/africologne-festival.de\/fr\/wp-json\/wp\/v2\/pages\/49549","targetHints":{"allow":["GET"]}}],"collection":[{"href":"https:\/\/africologne-festival.de\/fr\/wp-json\/wp\/v2\/pages"}],"about":[{"href":"https:\/\/africologne-festival.de\/fr\/wp-json\/wp\/v2\/types\/page"}],"author":[{"embeddable":true,"href":"https:\/\/africologne-festival.de\/fr\/wp-json\/wp\/v2\/users\/9"}],"replies":[{"embeddable":true,"href":"https:\/\/africologne-festival.de\/fr\/wp-json\/wp\/v2\/comments?post=49549"}],"version-history":[{"count":7,"href":"https:\/\/africologne-festival.de\/fr\/wp-json\/wp\/v2\/pages\/49549\/revisions"}],"predecessor-version":[{"id":51511,"href":"https:\/\/africologne-festival.de\/fr\/wp-json\/wp\/v2\/pages\/49549\/revisions\/51511"}],"up":[{"embeddable":true,"href":"https:\/\/africologne-festival.de\/fr\/wp-json\/wp\/v2\/pages\/51801"}],"wp:attachment":[{"href":"https:\/\/africologne-festival.de\/fr\/wp-json\/wp\/v2\/media?parent=49549"}],"wp:term":[{"taxonomy":"difl_page_category","embeddable":true,"href":"https:\/\/africologne-festival.de\/fr\/wp-json\/wp\/v2\/difl_page_category?post=49549"}],"curies":[{"name":"wp","href":"https:\/\/api.w.org\/{rel}","templated":true}]}}

<p>[et_pb_section fb_built= »1&Prime; _builder_version= »4.27.0&Prime; custom_padding= »18vh||6vh||false|false » global_colors_info= »{} » admin_label= »Sektion » background_color= »#000000&Prime; background_enable_image= »off »][et_pb_row _builder_version= »4.16&Prime; global_colors_info= »{} »][et_pb_column type= »4_4&Prime; _builder_version= »4.16&Prime; global_colors_info= »{} »][et_pb_text admin_label= »Text » _builder_version= »4.27.0&Prime; _module_preset= »default » header_font= »|||on||||| » header_text_color= »#FFFFFF » header_font_size= »56px » text_orientation= »center » header_font_size_tablet= »56px » header_font_size_phone= »56px » header_font_size_last_edited= »on|phone » global_colors_info= »{} »]</p>
<h1>Rencontrez l&rsquo;équipe</h1>
<p>[/et_pb_text][/et_pb_column][/et_pb_row][/et_pb_section][et_pb_section fb_built= »1&Prime; _builder_version= »4.27.0&Prime; _module_preset= »default » background_color= »#821DC8&Prime; custom_padding= »42px||42px||true|false » global_colors_info= »{} »][et_pb_row _builder_version= »4.27.0&Prime; _module_preset= »default » background_color= »#FFFFFF » background_image= »https://africologne-festival.de/wp-content/uploads/2024/09/GreenBackgroundPattern.png » background_size= »custom » background_position= »center_right » positioning= »none » z_index= »259&Prime; custom_padding= »42px|42px|42px|42px|true|true » global_colors_info= »{} »][et_pb_column type= »4_4&Prime; _builder_version= »4.27.0&Prime; _module_preset= »default » global_colors_info= »{} »][et_pb_image src= »https://africologne-festival.de/wp-content/uploads/2024/09/ORTMMEIER_foto.jpg » alt= »ORTMMEIER photo » title_text= »ORTMMEIER photo » _builder_version= »4.27.0&Prime; _module_preset= »default » global_colors_info= »{} »][/et_pb_image][et_pb_text admin_label= »Text » _builder_version= »4.27.0&Prime; _module_preset= »default » global_colors_info= »{} »]</p>
<h2>Kerstin Ortmeier / Directrice artistique d&rsquo;africologne</h2>
<p>[/et_pb_text][et_pb_text _builder_version= »4.27.0&Prime; _module_preset= »default » global_colors_info= »{} »]</p>
<p>Née à Nuremberg. Elle a étudié l&rsquo;histoire de la littérature allemande moderne, la philologie romane ainsi que les sciences du théâtre et des médias à Erlangen et Aix-en-Provence. Elle a travaillé pour différents quotidiens ainsi que pour des rédactions d&rsquo;information et de culture de chaînes de radio et de télévision publiques, et a été assistante de réalisation et de production pour Eikon Media à Berlin.</p>
<p>Elle a été assistante dramaturge au Staatstheater Nürnberg et a travaillé en free-lance dans les domaines de la production, de l&rsquo;organisation, des relations publiques et de la dramaturgie, notamment pour le festival international de danse et de théâtre et le symposium off limits à Dortmund, le projet artistique multimédia et interdisciplinaire « HANGING AROUND/ HeimatQuartier », soutenu par l&rsquo;UE, ainsi que la rencontre internationale d&rsquo;auteurs des Mülheimer Theatertage NRW « Stücke &rsquo;06 ».</p>
<p>À partir de 2008, elle a travaillé comme assistante de la direction artistique (Amélie Deuflhard) pour la Internationale Kulturfabrik Kampnagel à Hambourg. De 2009 à 2016, elle a été conseillère dramaturgique au Theater im Bauturm. En automne 2010, elle s&rsquo;est occupée de la dramaturgie des créations originales du festival de théâtre Récréâtrales au Burkina Faso et a initié africologne en 2011 avec Gerhardt Haag. En 2022, elle a également travaillé comme commissaire de programme au Humboldt Forum à Berlin.</p>
<p>[/et_pb_text][et_pb_icon font_icon= »&#xe010;||divi||400&Prime; icon_width= »78px » url= »mailto:ortmeier@africologne.org » url_new_window= »on » align= »left » _builder_version= »4.27.0&Prime; _module_preset= »default » background_enable_color= »off » custom_padding= »18px|18px|18px|18px|true|true » border_radii= »on|50%|50%|50%|50% » global_colors_info= »{} » background__hover_enabled= »on|hover » background_color__hover= »#D8FF00&Prime; background_enable_color__hover= »on »][/et_pb_icon][/et_pb_column][/et_pb_row][/et_pb_section]</p>

<p>Rencontrez l&rsquo;équipeKerstin Ortmeier / Directrice artistique d&rsquo;africologneNée à Nuremberg. Elle a étudié l&rsquo;histoire de la littérature allemande moderne, la philologie romane ainsi que les sciences du théâtre et des médias à Erlangen et Aix-en-Provence. Elle a travaillé pour différents quotidiens ainsi que pour des rédactions d&rsquo;information et de culture de chaînes de radio et de [&hellip;]</p>
