{"id":51503,"date":"2025-03-04T11:30:27","date_gmt":"2025-03-04T10:30:27","guid":{"rendered":"https:\/\/africologne-festival.de\/equipe\/alexus-di-donna\/"},"modified":"2026-01-30T01:24:52","modified_gmt":"2026-01-30T00:24:52","slug":"alexus-di-donna","status":"publish","type":"page","link":"https:\/\/africologne-festival.de\/fr\/equipe\/alexus-di-donna\/","title":{"rendered":"Alexus Di Donna"},"content":{"rendered":"<p>[et_pb_section fb_built=\u00a0\u00bb1&Prime; _builder_version=\u00a0\u00bb4.27.4&Prime; background_color=\u00a0\u00bb#000000&Prime; background_enable_image=\u00a0\u00bboff\u00a0\u00bb custom_padding=\u00a0\u00bb18vh||6vh||false|false\u00a0\u00bb global_colors_info=\u00a0\u00bb{}\u00a0\u00bb][et_pb_row _builder_version=\u00a0\u00bb4.16&Prime; global_colors_info=\u00a0\u00bb{}\u00a0\u00bb][et_pb_column type=\u00a0\u00bb4_4&Prime; _builder_version=\u00a0\u00bb4.16&Prime; global_colors_info=\u00a0\u00bb{}\u00a0\u00bb][et_pb_text admin_label=\u00a0\u00bbText\u00a0\u00bb _builder_version=\u00a0\u00bb4.27.0&Prime; _module_preset=\u00a0\u00bbdefault\u00a0\u00bb header_font=\u00a0\u00bb|||on|||||\u00a0\u00bb header_text_color=\u00a0\u00bb#FFFFFF\u00a0\u00bb header_font_size=\u00a0\u00bb56px\u00a0\u00bb text_orientation=\u00a0\u00bbcenter\u00a0\u00bb header_font_size_tablet=\u00a0\u00bb56px\u00a0\u00bb header_font_size_phone=\u00a0\u00bb56px\u00a0\u00bb header_font_size_last_edited=\u00a0\u00bbon|phone\u00a0\u00bb global_colors_info=\u00a0\u00bb{}\u00a0\u00bb]<\/p>\n<h1>Rencontrez l&rsquo;\u00e9quipe<\/h1>\n<p>[\/et_pb_text][\/et_pb_column][\/et_pb_row][\/et_pb_section][et_pb_section fb_built=\u00a0\u00bb1&Prime; _builder_version=\u00a0\u00bb4.27.0&Prime; _module_preset=\u00a0\u00bbdefault\u00a0\u00bb background_color=\u00a0\u00bb#821DC8&Prime; custom_padding=\u00a0\u00bb42px||42px||true|false\u00a0\u00bb global_colors_info=\u00a0\u00bb{}\u00a0\u00bb][et_pb_row _builder_version=\u00a0\u00bb4.27.0&Prime; _module_preset=\u00a0\u00bbdefault\u00a0\u00bb background_color=\u00a0\u00bb#FFFFFF\u00a0\u00bb background_image=\u00a0\u00bbhttps:\/\/africologne-festival.de\/wp-content\/uploads\/2024\/09\/GreenBackgroundPattern.png\u00a0\u00bb background_size=\u00a0\u00bbcustom\u00a0\u00bb background_position=\u00a0\u00bbcenter_right\u00a0\u00bb positioning=\u00a0\u00bbnone\u00a0\u00bb z_index=\u00a0\u00bb259&Prime; custom_padding=\u00a0\u00bb42px|42px|42px|42px|true|true\u00a0\u00bb global_colors_info=\u00a0\u00bb{}\u00a0\u00bb][et_pb_column type=\u00a0\u00bb4_4&Prime; _builder_version=\u00a0\u00bb4.27.0&Prime; _module_preset=\u00a0\u00bbdefault\u00a0\u00bb global_colors_info=\u00a0\u00bb{}\u00a0\u00bb][et_pb_image src=\u00a0\u00bbhttps:\/\/africologne-festival.de\/wp-content\/uploads\/2025\/02\/Alexus-Di-Donna.jpg\u00a0\u00bb alt=\u00a0\u00bbAlexus Di Donna\u00a0\u00bb title_text=\u00a0\u00bbAlexus Di Donna\u00a0\u00bb _builder_version=\u00a0\u00bb4.27.4&Prime; _module_preset=\u00a0\u00bbdefault\u00a0\u00bb global_colors_info=\u00a0\u00bb{}\u00a0\u00bb][\/et_pb_image][et_pb_text admin_label=\u00a0\u00bbText\u00a0\u00bb _builder_version=\u00a0\u00bb4.27.0&Prime; _module_preset=\u00a0\u00bbdefault\u00a0\u00bb global_colors_info=\u00a0\u00bb{}\u00a0\u00bb]<\/p>\n<h2>Alexus Di Donna \/ Mojja &#8211; Social Media<\/h2>\n<p>[\/et_pb_text][et_pb_text _builder_version=\u00a0\u00bb4.27.0&Prime; _module_preset=\u00a0\u00bbdefault\u00a0\u00bb global_colors_info=\u00a0\u00bb{}\u00a0\u00bb]<\/p>\n<p>N\u00e9e et \u00e9lev\u00e9e \u00e0 Chicago, aux \u00c9tats-Unis, Alexus Di Donna est une responsable des m\u00e9dias sociaux passionn\u00e9e par le contenu cr\u00e9atif et par la repr\u00e9sentation de l&rsquo;art africain dans les m\u00e9dias. Avec ses vid\u00e9os et ses photos, Alexus transmet des histoires authentiques et inspirantes. Avec une formation commerciale en e-commerce et une sp\u00e9cialisation en marketing des m\u00e9dias sociaux, elle apporte des connaissances et une expertise pr\u00e9cieuses dans son travail.  <\/p>\n<p>C&rsquo;est la deuxi\u00e8me fois qu&rsquo;Alexus g\u00e8re les canaux de r\u00e9seaux sociaux d&rsquo;Africologne. Lors de l&rsquo;\u00e9dition 2023 du festival, son travail avait contribu\u00e9 \u00e0 faire conna\u00eetre \u00e0 un public plus large la diversit\u00e9 culturelle et l&rsquo;\u00e9nergie cr\u00e9ative que rec\u00e8le l&rsquo;art africain. <\/p>\n<p>[\/et_pb_text][et_pb_icon font_icon=\u00a0\u00bb&#xe010;||divi||400&Prime; icon_width=\u00a0\u00bb78px\u00a0\u00bb url=\u00a0\u00bbmailto:presse@africologne.org\u00a0\u00bb url_new_window=\u00a0\u00bbon\u00a0\u00bb align=\u00a0\u00bbleft\u00a0\u00bb _builder_version=\u00a0\u00bb4.27.4&Prime; _module_preset=\u00a0\u00bbdefault\u00a0\u00bb background_enable_color=\u00a0\u00bboff\u00a0\u00bb custom_padding=\u00a0\u00bb18px|18px|18px|18px|true|true\u00a0\u00bb border_radii=\u00a0\u00bbon|50%|50%|50%|50%\u00a0\u00bb global_colors_info=\u00a0\u00bb{}\u00a0\u00bb background__hover_enabled=\u00a0\u00bbon|hover\u00a0\u00bb background_color__hover=\u00a0\u00bb#D8FF00&Prime; background_enable_color__hover=\u00a0\u00bbon\u00a0\u00bb][\/et_pb_icon][\/et_pb_column][\/et_pb_row][\/et_pb_section]<\/p>\n","protected":false},"excerpt":{"rendered":"<p>Rencontrez l&rsquo;\u00e9quipeAlexus Di Donna \/ Mojja &#8211; Social MediaN\u00e9e et \u00e9lev\u00e9e \u00e0 Chicago, aux \u00c9tats-Unis, Alexus Di Donna est une responsable des m\u00e9dias sociaux passionn\u00e9e par le contenu cr\u00e9atif et par la repr\u00e9sentation de l&rsquo;art africain dans les m\u00e9dias. Avec ses vid\u00e9os et ses photos, Alexus transmet des histoires authentiques et inspirantes. Avec une formation [&hellip;]<\/p>\n","protected":false},"author":7,"featured_media":51437,"parent":51801,"menu_order":0,"comment_status":"closed","ping_status":"closed","template":"","meta":{"_acf_changed":false,"_et_pb_use_builder":"on","_et_pb_old_content":"","_et_gb_content_width":"","footnotes":""},"difl_page_category":[],"class_list":["post-51503","page","type-page","status-publish","has-post-thumbnail","hentry"],"acf":[],"_links":{"self":[{"href":"https:\/\/africologne-festival.de\/fr\/wp-json\/wp\/v2\/pages\/51503","targetHints":{"allow":["GET"]}}],"collection":[{"href":"https:\/\/africologne-festival.de\/fr\/wp-json\/wp\/v2\/pages"}],"about":[{"href":"https:\/\/africologne-festival.de\/fr\/wp-json\/wp\/v2\/types\/page"}],"author":[{"embeddable":true,"href":"https:\/\/africologne-festival.de\/fr\/wp-json\/wp\/v2\/users\/7"}],"replies":[{"embeddable":true,"href":"https:\/\/africologne-festival.de\/fr\/wp-json\/wp\/v2\/comments?post=51503"}],"version-history":[{"count":4,"href":"https:\/\/africologne-festival.de\/fr\/wp-json\/wp\/v2\/pages\/51503\/revisions"}],"predecessor-version":[{"id":53861,"href":"https:\/\/africologne-festival.de\/fr\/wp-json\/wp\/v2\/pages\/51503\/revisions\/53861"}],"up":[{"embeddable":true,"href":"https:\/\/africologne-festival.de\/fr\/wp-json\/wp\/v2\/pages\/51801"}],"wp:featuredmedia":[{"embeddable":true,"href":"https:\/\/africologne-festival.de\/fr\/wp-json\/wp\/v2\/media\/51437"}],"wp:attachment":[{"href":"https:\/\/africologne-festival.de\/fr\/wp-json\/wp\/v2\/media?parent=51503"}],"wp:term":[{"taxonomy":"difl_page_category","embeddable":true,"href":"https:\/\/africologne-festival.de\/fr\/wp-json\/wp\/v2\/difl_page_category?post=51503"}],"curies":[{"name":"wp","href":"https:\/\/api.w.org\/{rel}","templated":true}]}}

<p>[et_pb_section fb_built= »1&Prime; _builder_version= »4.27.4&Prime; background_color= »#000000&Prime; background_enable_image= »off » custom_padding= »18vh||6vh||false|false » global_colors_info= »{} »][et_pb_row _builder_version= »4.16&Prime; global_colors_info= »{} »][et_pb_column type= »4_4&Prime; _builder_version= »4.16&Prime; global_colors_info= »{} »][et_pb_text admin_label= »Text » _builder_version= »4.27.0&Prime; _module_preset= »default » header_font= »|||on||||| » header_text_color= »#FFFFFF » header_font_size= »56px » text_orientation= »center » header_font_size_tablet= »56px » header_font_size_phone= »56px » header_font_size_last_edited= »on|phone » global_colors_info= »{} »]</p>
<h1>Rencontrez l&rsquo;équipe</h1>
<p>[/et_pb_text][/et_pb_column][/et_pb_row][/et_pb_section][et_pb_section fb_built= »1&Prime; _builder_version= »4.27.0&Prime; _module_preset= »default » background_color= »#821DC8&Prime; custom_padding= »42px||42px||true|false » global_colors_info= »{} »][et_pb_row _builder_version= »4.27.0&Prime; _module_preset= »default » background_color= »#FFFFFF » background_image= »https://africologne-festival.de/wp-content/uploads/2024/09/GreenBackgroundPattern.png » background_size= »custom » background_position= »center_right » positioning= »none » z_index= »259&Prime; custom_padding= »42px|42px|42px|42px|true|true » global_colors_info= »{} »][et_pb_column type= »4_4&Prime; _builder_version= »4.27.0&Prime; _module_preset= »default » global_colors_info= »{} »][et_pb_image src= »https://africologne-festival.de/wp-content/uploads/2025/02/Alexus-Di-Donna.jpg » alt= »Alexus Di Donna » title_text= »Alexus Di Donna » _builder_version= »4.27.4&Prime; _module_preset= »default » global_colors_info= »{} »][/et_pb_image][et_pb_text admin_label= »Text » _builder_version= »4.27.0&Prime; _module_preset= »default » global_colors_info= »{} »]</p>
<h2>Alexus Di Donna / Mojja &#8211; Social Media</h2>
<p>[/et_pb_text][et_pb_text _builder_version= »4.27.0&Prime; _module_preset= »default » global_colors_info= »{} »]</p>
<p>Née et élevée à Chicago, aux États-Unis, Alexus Di Donna est une responsable des médias sociaux passionnée par le contenu créatif et par la représentation de l&rsquo;art africain dans les médias. Avec ses vidéos et ses photos, Alexus transmet des histoires authentiques et inspirantes. Avec une formation commerciale en e-commerce et une spécialisation en marketing des médias sociaux, elle apporte des connaissances et une expertise précieuses dans son travail.  </p>
<p>C&rsquo;est la deuxième fois qu&rsquo;Alexus gère les canaux de réseaux sociaux d&rsquo;Africologne. Lors de l&rsquo;édition 2023 du festival, son travail avait contribué à faire connaître à un public plus large la diversité culturelle et l&rsquo;énergie créative que recèle l&rsquo;art africain. </p>
<p>[/et_pb_text][et_pb_icon font_icon= »&#xe010;||divi||400&Prime; icon_width= »78px » url= »mailto:presse@africologne.org » url_new_window= »on » align= »left » _builder_version= »4.27.4&Prime; _module_preset= »default » background_enable_color= »off » custom_padding= »18px|18px|18px|18px|true|true » border_radii= »on|50%|50%|50%|50% » global_colors_info= »{} » background__hover_enabled= »on|hover » background_color__hover= »#D8FF00&Prime; background_enable_color__hover= »on »][/et_pb_icon][/et_pb_column][/et_pb_row][/et_pb_section]</p>

<p>Rencontrez l&rsquo;équipeAlexus Di Donna / Mojja &#8211; Social MediaNée et élevée à Chicago, aux États-Unis, Alexus Di Donna est une responsable des médias sociaux passionnée par le contenu créatif et par la représentation de l&rsquo;art africain dans les médias. Avec ses vidéos et ses photos, Alexus transmet des histoires authentiques et inspirantes. Avec une formation [&hellip;]</p>
