{"id":49572,"date":"2023-03-09T18:30:00","date_gmt":"2023-03-09T17:30:00","guid":{"rendered":"https:\/\/test.africologne-festival.de\/project\/ouverture-de-la-conference-ecas-2023\/"},"modified":"2025-02-20T15:07:52","modified_gmt":"2025-02-20T14:07:52","slug":"ouverture-de-la-conference-ecas-2023","status":"publish","type":"project","link":"https:\/\/africologne-festival.de\/fr\/project\/ouverture-de-la-conference-ecas-2023\/","title":{"rendered":"Ouverture de la CONF\u00c9RENCE ECAS 2023"},"content":{"rendered":"\n<p>Nous c\u00e9l\u00e9brons la grande ouverture de la Conf\u00e9rence europ\u00e9enne sur les \u00e9tudes africaines (ECAS) 2023 <em>African Futures<\/em> &amp; du programme citoyen <em>African Futures &#8211; all Around.<\/em><\/p>\n\n<p>La 9e European Conference on African Studies (ECAS) \u00ab\u00a0African Futures\u00a0\u00bb vise \u00e0 explorer les d\u00e9bats critiques du continent sur le pass\u00e9, le pr\u00e9sent et l&rsquo;avenir des interd\u00e9pendances mondiales de l&rsquo;Afrique <a href=\"https:\/\/www.ecasconference.org\/2023\" target=\"_blank\" rel=\"noreferrer noopener nofollow\">. www.ecasconference.org\/2023<\/a><\/p>\n\n<p>\u00c0 l&rsquo;occasion de la conf\u00e9rence ECAS, la ville de Cologne, en collaboration avec des repr\u00e9sentants de groupes afro-diasporiques et des organisateurs tels qu&rsquo;africologne, vous invite \u00e0 participer au vaste programme African Futures &#8211; All Around : <a href=\"https:\/\/www.african-futures.koeln\" target=\"_blank\" rel=\"noreferrer noopener nofollow\">www.african-futures.koeln<\/a><\/p>\n\n<p><strong>D\u00c9ROULEMENT :<\/strong><\/p>\n\n<p>18h30 &#8211; 18h50 : Accueil par la maire Henriette Reker, le recteur de l&rsquo;Universit\u00e9 de Cologne Prof. Dr. h.c. Axel Freimuth ainsi que des repr\u00e9sentants* des communaut\u00e9s africaines.<\/p>\n\n<p>18:50 &#8211; 19:30 : Conf\u00e9rence de l&rsquo;auteur k\u00e9nyane Yvonne Adhiambo Owour :<em>Inscribing African Futures &#8211; from the Continent to the Galaxies<\/em> (anglais avec traduction fran\u00e7aise)<\/p>\n\n<p><br\/>19h30 R\u00c9CEPTION &amp; Get together dans le foyer du d\u00e9p\u00f4t<\/p>\n\n<p><br\/>20h15 : OUVERTURE du africologneFESTIVAL dans le foyer du Depot.<\/p>\n\n<p>Discours de bienvenue de la marraine Claudia Roth, Ministre d&rsquo;Etat de la Culture et des M\u00e9dias et du parrain Aristide Tarnagda, Directeur du Festival des R\u00e9cr\u00e9\u00e2trales de Ouagadougou.<\/p>\n\n<p>Suivi de la pr\u00e9sentation de <em><a href=\"https:\/\/africologne-festival.de\/programm\/samson\">SAMSON<\/a><\/em> (Entr\u00e9e avec billet de spectacle) <\/p>\n","protected":false},"excerpt":{"rendered":"<p>Nous c\u00e9l\u00e9brons la grande ouverture de la Conf\u00e9rence europ\u00e9enne sur les \u00e9tudes africaines (ECAS) 2023 African Futures &amp; du programme citoyen African Futures &#8211; all Around.<\/p>\n","protected":false},"author":9,"featured_media":49215,"comment_status":"closed","ping_status":"closed","template":"","meta":{"_acf_changed":false,"_et_pb_use_builder":"","_et_pb_old_content":"","_et_gb_content_width":"","footnotes":""},"project_category":[85],"project_tag":[],"class_list":["post-49572","project","type-project","status-publish","has-post-thumbnail","hentry","project_category-2023-fr"],"acf":[],"_links":{"self":[{"href":"https:\/\/africologne-festival.de\/fr\/wp-json\/wp\/v2\/project\/49572","targetHints":{"allow":["GET"]}}],"collection":[{"href":"https:\/\/africologne-festival.de\/fr\/wp-json\/wp\/v2\/project"}],"about":[{"href":"https:\/\/africologne-festival.de\/fr\/wp-json\/wp\/v2\/types\/project"}],"author":[{"embeddable":true,"href":"https:\/\/africologne-festival.de\/fr\/wp-json\/wp\/v2\/users\/9"}],"replies":[{"embeddable":true,"href":"https:\/\/africologne-festival.de\/fr\/wp-json\/wp\/v2\/comments?post=49572"}],"version-history":[{"count":1,"href":"https:\/\/africologne-festival.de\/fr\/wp-json\/wp\/v2\/project\/49572\/revisions"}],"predecessor-version":[{"id":49575,"href":"https:\/\/africologne-festival.de\/fr\/wp-json\/wp\/v2\/project\/49572\/revisions\/49575"}],"wp:featuredmedia":[{"embeddable":true,"href":"https:\/\/africologne-festival.de\/fr\/wp-json\/wp\/v2\/media\/49215"}],"wp:attachment":[{"href":"https:\/\/africologne-festival.de\/fr\/wp-json\/wp\/v2\/media?parent=49572"}],"wp:term":[{"taxonomy":"project_category","embeddable":true,"href":"https:\/\/africologne-festival.de\/fr\/wp-json\/wp\/v2\/project_category?post=49572"},{"taxonomy":"project_tag","embeddable":true,"href":"https:\/\/africologne-festival.de\/fr\/wp-json\/wp\/v2\/project_tag?post=49572"}],"curies":[{"name":"wp","href":"https:\/\/api.w.org\/{rel}","templated":true}]}}

Ouverture de la CONFÉRENCE ECAS 2023

<p>Nous célébrons la grande ouverture de la Conférence européenne sur les études africaines (ECAS) 2023 <em>African Futures</em> &amp; du programme citoyen <em>African Futures &#8211; all Around.</em></p>

<p>La 9e European Conference on African Studies (ECAS) « African Futures » vise à explorer les débats critiques du continent sur le passé, le présent et l&rsquo;avenir des interdépendances mondiales de l&rsquo;Afrique <a href="https://www.ecasconference.org/2023" target="_blank" rel="noreferrer noopener nofollow">. www.ecasconference.org/2023</a></p>

<p>À l&rsquo;occasion de la conférence ECAS, la ville de Cologne, en collaboration avec des représentants de groupes afro-diasporiques et des organisateurs tels qu&rsquo;africologne, vous invite à participer au vaste programme African Futures &#8211; All Around : <a href="https://www.african-futures.koeln" target="_blank" rel="noreferrer noopener nofollow">www.african-futures.koeln</a></p>

<p><strong>DÉROULEMENT :</strong></p>

<p>18h30 &#8211; 18h50 : Accueil par la maire Henriette Reker, le recteur de l&rsquo;Université de Cologne Prof. Dr. h.c. Axel Freimuth ainsi que des représentants* des communautés africaines.</p>

<p>18:50 &#8211; 19:30 : Conférence de l&rsquo;auteur kényane Yvonne Adhiambo Owour :<em>Inscribing African Futures &#8211; from the Continent to the Galaxies</em> (anglais avec traduction française)</p>

<p><br/>19h30 RÉCEPTION &amp; Get together dans le foyer du dépôt</p>

<p><br/>20h15 : OUVERTURE du africologneFESTIVAL dans le foyer du Depot.</p>

<p>Discours de bienvenue de la marraine Claudia Roth, Ministre d&rsquo;Etat de la Culture et des Médias et du parrain Aristide Tarnagda, Directeur du Festival des Récréâtrales de Ouagadougou.</p>

<p>Suivi de la présentation de <em><a href="https://africologne-festival.de/programm/samson">SAMSON</a></em> (Entrée avec billet de spectacle) </p>

<p>Nous célébrons la grande ouverture de la Conférence européenne sur les études africaines (ECAS) 2023 African Futures &amp; du programme citoyen African Futures &#8211; all Around.</p>
