{"id":49595,"date":"2023-06-04T17:53:40","date_gmt":"2023-06-04T15:53:40","guid":{"rendered":"https:\/\/test.africologne-festival.de\/project\/violence-et-resistance-le-theatre-dans-le-contexte-postcolonial\/"},"modified":"2025-02-20T15:04:35","modified_gmt":"2025-02-20T14:04:35","slug":"violence-et-resistance-le-theatre-dans-le-contexte-postcolonial","status":"publish","type":"project","link":"https:\/\/africologne-festival.de\/fr\/project\/violence-et-resistance-le-theatre-dans-le-contexte-postcolonial\/","title":{"rendered":"Violence et r\u00e9sistance &#8211; le th\u00e9\u00e2tre dans un contexte postcolonial"},"content":{"rendered":"\n<p><strong>L&rsquo;examen de la domination et de la violence est une caract\u00e9ristique de nombreux textes de th\u00e9\u00e2tre postcoloniaux. \u00c0 africologne, les productions th\u00e9\u00e2trales invit\u00e9es traitent souvent de la violence coloniale, sociale et politico-religieuse. Pour le festival, les productions sont traduites et surtitr\u00e9es.  <\/strong><br\/> <br\/><strong>ESSAYS ET RAPPORT DE FESTIVAL &#8211; africologne sur <a href=\"https:\/\/plateforme.de\" target=\"_blank\" rel=\"noreferrer noopener nofollow\">PLATEFORME.FR<\/a><\/strong><\/p>\n\n<p>Quatre essais d&rsquo;artistes africains et afro-diasporiques sur le th\u00e8me de la pratique artistique r\u00e9sistante et des processus de traduction dans un contexte postcolonial seront publi\u00e9s sur plateforme.de peu avant le d\u00e9but du festival. Les auteurs sont la com\u00e9dienne et metteuse en sc\u00e8ne <strong><a href=\"https:\/\/plateforme.de\/magazin\/die-burkinische-schauspielerin-und-regisseurin-odile-sankara-ueber-theater-als-soziales-ereignis\/\" target=\"_blank\" rel=\"noreferrer noopener nofollow\">Odile Sankara<\/a><\/strong>le po\u00e8te et performeur <strong><a href=\"https:\/\/plateforme.de\/magazin\/plateforme-africologne-3-der-ugandische-lyriker-und-performer-kagayi-ngobi-ueber-die-geschichte-seines-gedichts-for-my-negativity\/\" target=\"_blank\" rel=\"noreferrer noopener nofollow\">Kagayi Ngobi<\/a><\/strong>, la metteuse en sc\u00e8ne <strong><a href=\"https:\/\/plateforme.de\/magazin\/plateforme-africologne2-die-autorin-und-regisseurin-eva-doumbia-ueber-uebersetzungsprozesse-und-die-notwendigkeit-einer-tatsaechlichen-dekolonialisierung-im-kulturbereich\/\" target=\"_blank\" rel=\"noreferrer noopener nofollow\">Eva Doumbia<\/a><\/strong> et le chor\u00e9graphe <strong><a href=\"https:\/\/plateforme.de\/magazin\/plateforme-africologne4-der-choreograf-raphael-moussa-hillebrand-ueber-machtkritische-und-machterhaltende-kunst\/\" target=\"_blank\" rel=\"noreferrer noopener nofollow\">Raphael Moussa Hillebrand<\/a><\/strong>. Pour acc\u00e9der aux essais, veuillez cliquer sur les noms.    <\/p>\n\n<p>De plus, plateforme.de publiera <a href=\"https:\/\/plateforme.de\/magazin\/\" target=\"_blank\" rel=\"noreferrer noopener nofollow\">en ligne<\/a> des critiques, des photos, des articles de fond et des interviews au jour le jour pendant toute la dur\u00e9e du festival. Textes : <strong>Marie Yan<\/strong>, dramaturge, traductrice et auteur. <\/p>\n\n<p><br\/>africologne a \u00e9galement pass\u00e9 deux <strong>commandes de pi\u00e8ces <\/strong>sur le th\u00e8me de <em>la violence et de la r\u00e9sistance <\/em>: l&rsquo;une \u00e0 l&rsquo;auteure berlinoise Josephine Papke, l&rsquo;autre \u00e0 l&rsquo;auteur burkinab\u00e9 Justin Stanislas Drabo, qui avait d\u00e9j\u00e0 \u00e9t\u00e9 invit\u00e9 \u00e0 africologne en 2017 avec <em>L&rsquo;<\/em><em>Ing\u00e9rence<\/em>. Les textes qui en r\u00e9sulteront seront discut\u00e9s et pr\u00e9sent\u00e9s avec les auteurs dans le cadre d&rsquo;africologne&#8230; <\/p>\n\n<p> <br\/><strong><a href=\"https:\/\/africologne-festival.de\/programm\/vom-begehren-begehrt-zu-werden\">LE D\u00c9SIR D&rsquo;\u00caTRE D\u00c9SIR\u00c9 | JOSEPHINE PAPKE<\/a><\/strong><br\/>Conversation\/lecture<\/p>\n\n<p><br\/>Maya lutte contre la dualit\u00e9 de ses d\u00e9sirs : elle veut \u00eatre respect\u00e9e, appr\u00e9ci\u00e9e et aim\u00e9e. Mais parfois aussi \u00eatre d\u00e9sir\u00e9e. Pour la personne qu&rsquo;elle est. Mais cela lui semble impossible. Car son corps de femme noire devient rapidement une surface de projection pour des fantasmes patriarcaux hypersexualis\u00e9s. Que faire quand elle refuse de s&rsquo;y soumettre et qu&rsquo;elle en est pourtant tellement influenc\u00e9e ?     <\/p>\n\n<p><strong>AVEC <\/strong>Jos\u00e9phine Papke | <strong>LECTURE<\/strong> N.N. | <strong>DISCUSSION-MODERATION <\/strong>Sarah Youssef<br\/> <br\/><strong>STADTGARTEN \/ JAKI <\/strong>| 4 juin, 16h | <strong>LANGUE<\/strong> Allemand | <strong>DUR\u00c9E<\/strong> 1:15 h | <strong>VENTE + AC<\/strong> 8 \/ 5 \u20ac (rem.)<br\/> <br\/> <\/p>\n\n<p><strong><a href=\"https:\/\/africologne-festival.de\/programm\/gewalt-und-widerstand-im-sahel\">VIOLENCE ET R\u00c9SISTANCE AU SAHEL<\/a><\/strong><br\/>Conversation\/lecture<br\/> <br\/><em>L&rsquo;Ing\u00e9rence <\/em>raconte l&rsquo;histoire vraie de J\u00f6rg Lange, ing\u00e9nieur civil et coop\u00e9rant au Burkina Faso, qui a \u00e9t\u00e9 &lsquo;expuls\u00e9&rsquo; du pays du jour au lendemain apr\u00e8s son ing\u00e9rence dans les affaires du pouvoir de l&rsquo;ancien pr\u00e9sident Blaise Compaor\u00e9 en 2005. Avec lui et l&rsquo;auteur Justin Stanislas Drabo, nous parlons de la situation au Sahel et de leurs exp\u00e9riences personnelles. Bernhard Bauer lit un extrait du monologue. <br\/> <br\/><strong>AVEC <\/strong>Justin Stanislas Drabo, J\u00f6rg Lange et Bernhard Bauer <strong>MOD\u00c9RATION <\/strong>Olaf Bernau<br\/> <br\/><strong>ANCIENNE FEUERWACHE\/ GRAND FORUM<\/strong> 5 juin, 17h30 | <strong>LANGUES <\/strong>Allemand et Fran\u00e7ais avec traduction | DUR\u00c9E 1h15 | <strong>VENTE + ACCUEIL<\/strong> 8 \/ 5 \u20ac (avec r\u00e9duction) | <strong>ENTR\u00c9E GRATUITE <\/strong>avec billet de spectacle TERRE CEINTE (d\u00e9but : 19h)<\/p>\n\n<p><br\/><strong>DISCUSSION 1 : VIOLENCE ET R\u00c9SISTANCE<\/strong><\/p>\n\n<p><br\/>La violence terroriste et la violence d&rsquo;\u00c9tat marquent les soci\u00e9t\u00e9s dans leur lutte quotidienne pour la survie et la dignit\u00e9. Pour de nombreux artistes invit\u00e9s \u00e0 africologne, le th\u00e9\u00e2tre est une pratique r\u00e9sistante et politique. Chacun d&rsquo;entre eux d\u00e9veloppe sur sc\u00e8ne diff\u00e9rentes strat\u00e9gies pour repr\u00e9senter et traiter la violence.  <\/p>\n\n<p><strong>AVEC <\/strong>Aristide Tarnagda, Odile Sankara, Kagayi Ngobi, Annette B\u00fchler-Dietrich, Valentine Cohen <strong>MOD\u00c9RATION <\/strong>Frank Weigand<br\/> <br\/><strong>ALTE FEUERWACHE \/ SC\u00c8NE<\/strong> | 5 juin, 21h, \u00e0 l&rsquo;issue du spectacle Terre Ceinte | LANGUES fran\u00e7ais et allemand avec traduction | DUR\u00c9E 1 h | ENTREE GRATUITE<br\/> <br\/> <br\/> DISCUSSION<strong>2 : SC\u00c8NE, PUISSANCE, CONTEXTE<\/strong><\/p>\n\n<p><br\/>Les artistes d&rsquo;africologne ont beaucoup voyag\u00e9, travaillent dans des constellations internationales et sont conscients des changements qu&rsquo;une production peut subir d&rsquo;un endroit \u00e0 l&rsquo;autre. La plupart des productions invit\u00e9es ont \u00e9t\u00e9 r\u00e9alis\u00e9es avec le soutien d&rsquo;institutions du Nord et du Sud de la plan\u00e8te. Le panel s&rsquo;interroge sur les relations de pouvoir dans les collaborations internationales.  <br\/> <br\/><strong>AVEC<\/strong> Germaine Acogny, Mika\u00ebl Serre, Uli Menke, Christiana Tabaro <strong>MOD\u00c9RATION <\/strong>Annette B\u00fchler-Dietrich, Frank Weigand<br\/> <br\/><strong>TANZFAKTUR \/ HALLE<\/strong> | 8 juin, 16h45, \u00e0 l&rsquo;issue du spectacle DIALAW-Project | <strong>LANGUES<\/strong> fran\u00e7ais et allemand avec traduction | <strong>DUR\u00c9E <\/strong>1 h | <strong>ENTREE GRATUITE<\/strong><br\/> <\/p>\n\n<p>Ce projet s&rsquo;inscrit dans le cadre d&rsquo;une collaboration plus large avec les archives en ligne et le magazine de traduction th\u00e9\u00e2trale <strong>PLATEFORME<\/strong>. <strong>Frank Weigand<\/strong>, traducteur, journaliste culturel et initiateur de PLATEFORME, et <strong>Annette B\u00fchler-Dietrich<\/strong>, traductrice, sp\u00e9cialiste de la litt\u00e9rature et du th\u00e9\u00e2tre, sont les commissaires &#8211; en collaboration avec <strong>Kerstin Ortmeier<\/strong> &#8211; de ce focus th\u00e9matique.<\/p>\n\n<p><strong>SERVICE<\/strong> DU FONDS DE TRADUCTEURS DANS LE CADRE DU PROGRAMME Neustart Kultur du D\u00e9l\u00e9gu\u00e9 du gouvernement f\u00e9d\u00e9ral \u00e0 la culture et aux m\u00e9dias et de la Kunststiftung NRW.<\/p>\n","protected":false},"excerpt":{"rendered":"<p>L&rsquo;examen de la domination et de la violence est une caract\u00e9ristique de nombreux textes de th\u00e9\u00e2tre postcoloniaux. \u00c0 africologne, les productions th\u00e9\u00e2trales invit\u00e9es traitent souvent de la violence coloniale, sociale et politico-religieuse. Pour le festival, les productions sont traduites et surtitr\u00e9es. ESSAYS ET RAPPORT DE FESTIVAL &#8211; africologne sur PLATEFORME.FR Quatre essais d&rsquo;artistes africains et [&hellip;]<\/p>\n","protected":false},"author":9,"featured_media":49219,"comment_status":"closed","ping_status":"closed","template":"","meta":{"_acf_changed":false,"_et_pb_use_builder":"","_et_pb_old_content":"","_et_gb_content_width":"","footnotes":""},"project_category":[85],"project_tag":[],"class_list":["post-49595","project","type-project","status-publish","has-post-thumbnail","hentry","project_category-2023-fr"],"acf":[],"_links":{"self":[{"href":"https:\/\/africologne-festival.de\/fr\/wp-json\/wp\/v2\/project\/49595","targetHints":{"allow":["GET"]}}],"collection":[{"href":"https:\/\/africologne-festival.de\/fr\/wp-json\/wp\/v2\/project"}],"about":[{"href":"https:\/\/africologne-festival.de\/fr\/wp-json\/wp\/v2\/types\/project"}],"author":[{"embeddable":true,"href":"https:\/\/africologne-festival.de\/fr\/wp-json\/wp\/v2\/users\/9"}],"replies":[{"embeddable":true,"href":"https:\/\/africologne-festival.de\/fr\/wp-json\/wp\/v2\/comments?post=49595"}],"version-history":[{"count":3,"href":"https:\/\/africologne-festival.de\/fr\/wp-json\/wp\/v2\/project\/49595\/revisions"}],"predecessor-version":[{"id":51142,"href":"https:\/\/africologne-festival.de\/fr\/wp-json\/wp\/v2\/project\/49595\/revisions\/51142"}],"wp:featuredmedia":[{"embeddable":true,"href":"https:\/\/africologne-festival.de\/fr\/wp-json\/wp\/v2\/media\/49219"}],"wp:attachment":[{"href":"https:\/\/africologne-festival.de\/fr\/wp-json\/wp\/v2\/media?parent=49595"}],"wp:term":[{"taxonomy":"project_category","embeddable":true,"href":"https:\/\/africologne-festival.de\/fr\/wp-json\/wp\/v2\/project_category?post=49595"},{"taxonomy":"project_tag","embeddable":true,"href":"https:\/\/africologne-festival.de\/fr\/wp-json\/wp\/v2\/project_tag?post=49595"}],"curies":[{"name":"wp","href":"https:\/\/api.w.org\/{rel}","templated":true}]}}

Violence et résistance &#8211; le théâtre dans un contexte postcolonial

<p><strong>L&rsquo;examen de la domination et de la violence est une caractéristique de nombreux textes de théâtre postcoloniaux. À africologne, les productions théâtrales invitées traitent souvent de la violence coloniale, sociale et politico-religieuse. Pour le festival, les productions sont traduites et surtitrées.  </strong><br/> <br/><strong>ESSAYS ET RAPPORT DE FESTIVAL &#8211; africologne sur <a href="https://plateforme.de" target="_blank" rel="noreferrer noopener nofollow">PLATEFORME.FR</a></strong></p>

<p>Quatre essais d&rsquo;artistes africains et afro-diasporiques sur le thème de la pratique artistique résistante et des processus de traduction dans un contexte postcolonial seront publiés sur plateforme.de peu avant le début du festival. Les auteurs sont la comédienne et metteuse en scène <strong><a href="https://plateforme.de/magazin/die-burkinische-schauspielerin-und-regisseurin-odile-sankara-ueber-theater-als-soziales-ereignis/" target="_blank" rel="noreferrer noopener nofollow">Odile Sankara</a></strong>le poète et performeur <strong><a href="https://plateforme.de/magazin/plateforme-africologne-3-der-ugandische-lyriker-und-performer-kagayi-ngobi-ueber-die-geschichte-seines-gedichts-for-my-negativity/" target="_blank" rel="noreferrer noopener nofollow">Kagayi Ngobi</a></strong>, la metteuse en scène <strong><a href="https://plateforme.de/magazin/plateforme-africologne2-die-autorin-und-regisseurin-eva-doumbia-ueber-uebersetzungsprozesse-und-die-notwendigkeit-einer-tatsaechlichen-dekolonialisierung-im-kulturbereich/" target="_blank" rel="noreferrer noopener nofollow">Eva Doumbia</a></strong> et le chorégraphe <strong><a href="https://plateforme.de/magazin/plateforme-africologne4-der-choreograf-raphael-moussa-hillebrand-ueber-machtkritische-und-machterhaltende-kunst/" target="_blank" rel="noreferrer noopener nofollow">Raphael Moussa Hillebrand</a></strong>. Pour accéder aux essais, veuillez cliquer sur les noms.    </p>

<p>De plus, plateforme.de publiera <a href="https://plateforme.de/magazin/" target="_blank" rel="noreferrer noopener nofollow">en ligne</a> des critiques, des photos, des articles de fond et des interviews au jour le jour pendant toute la durée du festival. Textes : <strong>Marie Yan</strong>, dramaturge, traductrice et auteur. </p>

<p><br/>africologne a également passé deux <strong>commandes de pièces </strong>sur le thème de <em>la violence et de la résistance </em>: l&rsquo;une à l&rsquo;auteure berlinoise Josephine Papke, l&rsquo;autre à l&rsquo;auteur burkinabé Justin Stanislas Drabo, qui avait déjà été invité à africologne en 2017 avec <em>L&rsquo;</em><em>Ingérence</em>. Les textes qui en résulteront seront discutés et présentés avec les auteurs dans le cadre d&rsquo;africologne&#8230; </p>

<p> <br/><strong><a href="https://africologne-festival.de/programm/vom-begehren-begehrt-zu-werden">LE DÉSIR D&rsquo;ÊTRE DÉSIRÉ | JOSEPHINE PAPKE</a></strong><br/>Conversation/lecture</p>

<p><br/>Maya lutte contre la dualité de ses désirs : elle veut être respectée, appréciée et aimée. Mais parfois aussi être désirée. Pour la personne qu&rsquo;elle est. Mais cela lui semble impossible. Car son corps de femme noire devient rapidement une surface de projection pour des fantasmes patriarcaux hypersexualisés. Que faire quand elle refuse de s&rsquo;y soumettre et qu&rsquo;elle en est pourtant tellement influencée ?     </p>

<p><strong>AVEC </strong>Joséphine Papke | <strong>LECTURE</strong> N.N. | <strong>DISCUSSION-MODERATION </strong>Sarah Youssef<br/> <br/><strong>STADTGARTEN / JAKI </strong>| 4 juin, 16h | <strong>LANGUE</strong> Allemand | <strong>DURÉE</strong> 1:15 h | <strong>VENTE + AC</strong> 8 / 5 € (rem.)<br/> <br/> </p>

<p><strong><a href="https://africologne-festival.de/programm/gewalt-und-widerstand-im-sahel">VIOLENCE ET RÉSISTANCE AU SAHEL</a></strong><br/>Conversation/lecture<br/> <br/><em>L&rsquo;Ingérence </em>raconte l&rsquo;histoire vraie de Jörg Lange, ingénieur civil et coopérant au Burkina Faso, qui a été &lsquo;expulsé&rsquo; du pays du jour au lendemain après son ingérence dans les affaires du pouvoir de l&rsquo;ancien président Blaise Compaoré en 2005. Avec lui et l&rsquo;auteur Justin Stanislas Drabo, nous parlons de la situation au Sahel et de leurs expériences personnelles. Bernhard Bauer lit un extrait du monologue. <br/> <br/><strong>AVEC </strong>Justin Stanislas Drabo, Jörg Lange et Bernhard Bauer <strong>MODÉRATION </strong>Olaf Bernau<br/> <br/><strong>ANCIENNE FEUERWACHE/ GRAND FORUM</strong> 5 juin, 17h30 | <strong>LANGUES </strong>Allemand et Français avec traduction | DURÉE 1h15 | <strong>VENTE + ACCUEIL</strong> 8 / 5 € (avec réduction) | <strong>ENTRÉE GRATUITE </strong>avec billet de spectacle TERRE CEINTE (début : 19h)</p>

<p><br/><strong>DISCUSSION 1 : VIOLENCE ET RÉSISTANCE</strong></p>

<p><br/>La violence terroriste et la violence d&rsquo;État marquent les sociétés dans leur lutte quotidienne pour la survie et la dignité. Pour de nombreux artistes invités à africologne, le théâtre est une pratique résistante et politique. Chacun d&rsquo;entre eux développe sur scène différentes stratégies pour représenter et traiter la violence.  </p>

<p><strong>AVEC </strong>Aristide Tarnagda, Odile Sankara, Kagayi Ngobi, Annette Bühler-Dietrich, Valentine Cohen <strong>MODÉRATION </strong>Frank Weigand<br/> <br/><strong>ALTE FEUERWACHE / SCÈNE</strong> | 5 juin, 21h, à l&rsquo;issue du spectacle Terre Ceinte | LANGUES français et allemand avec traduction | DURÉE 1 h | ENTREE GRATUITE<br/> <br/> <br/> DISCUSSION<strong>2 : SCÈNE, PUISSANCE, CONTEXTE</strong></p>

<p><br/>Les artistes d&rsquo;africologne ont beaucoup voyagé, travaillent dans des constellations internationales et sont conscients des changements qu&rsquo;une production peut subir d&rsquo;un endroit à l&rsquo;autre. La plupart des productions invitées ont été réalisées avec le soutien d&rsquo;institutions du Nord et du Sud de la planète. Le panel s&rsquo;interroge sur les relations de pouvoir dans les collaborations internationales.  <br/> <br/><strong>AVEC</strong> Germaine Acogny, Mikaël Serre, Uli Menke, Christiana Tabaro <strong>MODÉRATION </strong>Annette Bühler-Dietrich, Frank Weigand<br/> <br/><strong>TANZFAKTUR / HALLE</strong> | 8 juin, 16h45, à l&rsquo;issue du spectacle DIALAW-Project | <strong>LANGUES</strong> français et allemand avec traduction | <strong>DURÉE </strong>1 h | <strong>ENTREE GRATUITE</strong><br/> </p>

<p>Ce projet s&rsquo;inscrit dans le cadre d&rsquo;une collaboration plus large avec les archives en ligne et le magazine de traduction théâtrale <strong>PLATEFORME</strong>. <strong>Frank Weigand</strong>, traducteur, journaliste culturel et initiateur de PLATEFORME, et <strong>Annette Bühler-Dietrich</strong>, traductrice, spécialiste de la littérature et du théâtre, sont les commissaires &#8211; en collaboration avec <strong>Kerstin Ortmeier</strong> &#8211; de ce focus thématique.</p>

<p><strong>SERVICE</strong> DU FONDS DE TRADUCTEURS DANS LE CADRE DU PROGRAMME Neustart Kultur du Délégué du gouvernement fédéral à la culture et aux médias et de la Kunststiftung NRW.</p>

<p>L&rsquo;examen de la domination et de la violence est une caractéristique de nombreux textes de théâtre postcoloniaux. À africologne, les productions théâtrales invitées traitent souvent de la violence coloniale, sociale et politico-religieuse. Pour le festival, les productions sont traduites et surtitrées. ESSAYS ET RAPPORT DE FESTIVAL &#8211; africologne sur PLATEFORME.FR Quatre essais d&rsquo;artistes africains et [&hellip;]</p>
