{"id":49600,"date":"2023-06-04T10:14:00","date_gmt":"2023-06-04T08:14:00","guid":{"rendered":"https:\/\/test.africologne-festival.de\/project\/reinel-bakole\/"},"modified":"2025-02-20T15:04:34","modified_gmt":"2025-02-20T14:04:34","slug":"reinel-bakole","status":"publish","type":"project","link":"https:\/\/africologne-festival.de\/fr\/project\/reinel-bakole\/","title":{"rendered":"Reinel Bakole"},"content":{"rendered":"\n<p>Elle est d\u00e9j\u00e0 consid\u00e9r\u00e9e par beaucoup comme une \u00e9toile montante de la sc\u00e8ne internationale avant-gardiste n\u00e9o-soul. Reinel Bakole est une chanteuse, expressionniste, compositrice, danseuse et performeuse belgo-congolaise.<br\/>Inspir\u00e9e par son lien avec la nature et ses relations avec les autres, elle cr\u00e9e un monde cosmique dans lequel elle nous emm\u00e8ne avec sa voix envo\u00fbtante, dont le l\u00e9ger grattement r\u00e9v\u00e8le une sensibilit\u00e9 touchante. Sa mani\u00e8re po\u00e9tique, presque lyrique, de chanter est universelle et donne \u00e0 son public le sentiment de participer \u00e0 une exp\u00e9rience immersive dont les leitmotivs sont l&rsquo;introspection, la gu\u00e9rison et l&rsquo;accomplissement.  <\/p>\n\n<p><br\/>Form\u00e9e \u00e0 l&rsquo;origine comme danseuse en danse classique et en danse jazz, Reinel est devenue une artiste multidisciplinaire et expressive dont l&rsquo;esprit libre ne laisse personne indiff\u00e9rent. La diversit\u00e9 des disciplines qu&rsquo;elle a exp\u00e9riment\u00e9es dans la ville vibrante et stimulante d&rsquo;Amsterdam, o\u00f9 elle a obtenu un dipl\u00f4me universitaire en danse urbaine \u00e0 l&rsquo;Universit\u00e9 des Arts, lui a inspir\u00e9 un univers musical tr\u00e8s personnel aux influences jazz et afro-soul. En 2020, elle a publi\u00e9 son EP <em>AG\u00d8TM &#8211; A Gal On The Moon<\/em> entre Londres et Bruxelles. L&rsquo;ann\u00e9e suivante, elle sort son album <em>Closer To Truth<\/em>. Son esth\u00e9tique innovante et sa vision avant-gardiste expriment l&rsquo;audace de sa cr\u00e9ativit\u00e9. Leurs performances dans des lieux prestigieux et des festivals suscitent l&rsquo;enthousiasme en Belgique et \u00e0 l&rsquo;\u00e9tranger.       <\/p>\n\n<p><br\/><strong>AVEC<\/strong> Reinel Bakole (interpr\u00e8te), Pierre Spataro (saxophone), Samuel van Binsbergen (bassiste \/ DJ)<\/p>\n","protected":false},"excerpt":{"rendered":"<p>Elle est d\u00e9j\u00e0 consid\u00e9r\u00e9e par beaucoup comme une \u00e9toile montante de la sc\u00e8ne avant-gardiste n\u00e9o-soul internationale. Reinel Bakole est une chanteuse, expressionniste, compositrice, danseuse et performeuse belgo-congolaise. <\/p>\n","protected":false},"author":9,"featured_media":49279,"comment_status":"closed","ping_status":"closed","template":"","meta":{"_acf_changed":false,"_et_pb_use_builder":"","_et_pb_old_content":"","_et_gb_content_width":"","footnotes":""},"project_category":[85],"project_tag":[],"class_list":["post-49600","project","type-project","status-publish","has-post-thumbnail","hentry","project_category-2023-fr"],"acf":[],"_links":{"self":[{"href":"https:\/\/africologne-festival.de\/fr\/wp-json\/wp\/v2\/project\/49600","targetHints":{"allow":["GET"]}}],"collection":[{"href":"https:\/\/africologne-festival.de\/fr\/wp-json\/wp\/v2\/project"}],"about":[{"href":"https:\/\/africologne-festival.de\/fr\/wp-json\/wp\/v2\/types\/project"}],"author":[{"embeddable":true,"href":"https:\/\/africologne-festival.de\/fr\/wp-json\/wp\/v2\/users\/9"}],"replies":[{"embeddable":true,"href":"https:\/\/africologne-festival.de\/fr\/wp-json\/wp\/v2\/comments?post=49600"}],"version-history":[{"count":2,"href":"https:\/\/africologne-festival.de\/fr\/wp-json\/wp\/v2\/project\/49600\/revisions"}],"predecessor-version":[{"id":51138,"href":"https:\/\/africologne-festival.de\/fr\/wp-json\/wp\/v2\/project\/49600\/revisions\/51138"}],"wp:featuredmedia":[{"embeddable":true,"href":"https:\/\/africologne-festival.de\/fr\/wp-json\/wp\/v2\/media\/49279"}],"wp:attachment":[{"href":"https:\/\/africologne-festival.de\/fr\/wp-json\/wp\/v2\/media?parent=49600"}],"wp:term":[{"taxonomy":"project_category","embeddable":true,"href":"https:\/\/africologne-festival.de\/fr\/wp-json\/wp\/v2\/project_category?post=49600"},{"taxonomy":"project_tag","embeddable":true,"href":"https:\/\/africologne-festival.de\/fr\/wp-json\/wp\/v2\/project_tag?post=49600"}],"curies":[{"name":"wp","href":"https:\/\/api.w.org\/{rel}","templated":true}]}}

<p>Elle est déjà considérée par beaucoup comme une étoile montante de la scène internationale avant-gardiste néo-soul. Reinel Bakole est une chanteuse, expressionniste, compositrice, danseuse et performeuse belgo-congolaise.<br/>Inspirée par son lien avec la nature et ses relations avec les autres, elle crée un monde cosmique dans lequel elle nous emmène avec sa voix envoûtante, dont le léger grattement révèle une sensibilité touchante. Sa manière poétique, presque lyrique, de chanter est universelle et donne à son public le sentiment de participer à une expérience immersive dont les leitmotivs sont l&rsquo;introspection, la guérison et l&rsquo;accomplissement.  </p>

<p><br/>Formée à l&rsquo;origine comme danseuse en danse classique et en danse jazz, Reinel est devenue une artiste multidisciplinaire et expressive dont l&rsquo;esprit libre ne laisse personne indifférent. La diversité des disciplines qu&rsquo;elle a expérimentées dans la ville vibrante et stimulante d&rsquo;Amsterdam, où elle a obtenu un diplôme universitaire en danse urbaine à l&rsquo;Université des Arts, lui a inspiré un univers musical très personnel aux influences jazz et afro-soul. En 2020, elle a publié son EP <em>AGØTM &#8211; A Gal On The Moon</em> entre Londres et Bruxelles. L&rsquo;année suivante, elle sort son album <em>Closer To Truth</em>. Son esthétique innovante et sa vision avant-gardiste expriment l&rsquo;audace de sa créativité. Leurs performances dans des lieux prestigieux et des festivals suscitent l&rsquo;enthousiasme en Belgique et à l&rsquo;étranger.       </p>

<p><br/><strong>AVEC</strong> Reinel Bakole (interprète), Pierre Spataro (saxophone), Samuel van Binsbergen (bassiste / DJ)</p>

<p>Elle est déjà considérée par beaucoup comme une étoile montante de la scène avant-gardiste néo-soul internationale. Reinel Bakole est une chanteuse, expressionniste, compositrice, danseuse et performeuse belgo-congolaise. </p>
