{"id":49603,"date":"2023-06-05T14:32:00","date_gmt":"2023-06-05T12:32:00","guid":{"rendered":"https:\/\/test.africologne-festival.de\/project\/violence-et-resistance-au-sahel\/"},"modified":"2025-02-20T15:04:35","modified_gmt":"2025-02-20T14:04:35","slug":"violence-et-resistance-au-sahel","status":"publish","type":"project","link":"https:\/\/africologne-festival.de\/fr\/project\/violence-et-resistance-au-sahel\/","title":{"rendered":"Violence et r\u00e9sistance au Sahel"},"content":{"rendered":"\n<p><em>L&rsquo;Ing\u00e9rence <\/em>raconte l&rsquo;histoire vraie de J\u00f6rg Lange, ing\u00e9nieur civil et coop\u00e9rant au Burkina Faso, qui a \u00e9t\u00e9 &lsquo;expuls\u00e9&rsquo; du pays du jour au lendemain apr\u00e8s son <em>ing\u00e9rence<\/em> dans les affaires du pouvoir de l&rsquo;ancien pr\u00e9sident Blaise Compaor\u00e9 en 2005. Avec lui et l&rsquo;auteur Justin Stanislas Drabo, nous parlons de la situation au Sahel et de leurs exp\u00e9riences personnelles. Bernhard Bauer lit un extrait du monologue. <\/p>\n\n<p><strong>AVEC <\/strong>Justin Stanislas Drabo, J\u00f6rg Lange et Bernhard Bauer <strong>MOD\u00c9RATION <\/strong>Olaf Bernau<\/p>\n","protected":false},"excerpt":{"rendered":"<p>L&rsquo;Ing\u00e9rence raconte l&rsquo;histoire vraie de J\u00f6rg Lange, ing\u00e9nieur civil et coop\u00e9rant au Burkina Faso, qui a \u00e9t\u00e9 &lsquo;expuls\u00e9&rsquo; du pays du jour au lendemain apr\u00e8s son ing\u00e9rence dans les affaires du pouvoir de l&rsquo;ancien pr\u00e9sident Blaise Compaor\u00e9 en 2005.<\/p>\n","protected":false},"author":9,"featured_media":49217,"comment_status":"closed","ping_status":"closed","template":"","meta":{"_acf_changed":false,"_et_pb_use_builder":"","_et_pb_old_content":"","_et_gb_content_width":"","footnotes":""},"project_category":[85],"project_tag":[],"class_list":["post-49603","project","type-project","status-publish","has-post-thumbnail","hentry","project_category-2023-fr"],"acf":[],"_links":{"self":[{"href":"https:\/\/africologne-festival.de\/fr\/wp-json\/wp\/v2\/project\/49603","targetHints":{"allow":["GET"]}}],"collection":[{"href":"https:\/\/africologne-festival.de\/fr\/wp-json\/wp\/v2\/project"}],"about":[{"href":"https:\/\/africologne-festival.de\/fr\/wp-json\/wp\/v2\/types\/project"}],"author":[{"embeddable":true,"href":"https:\/\/africologne-festival.de\/fr\/wp-json\/wp\/v2\/users\/9"}],"replies":[{"embeddable":true,"href":"https:\/\/africologne-festival.de\/fr\/wp-json\/wp\/v2\/comments?post=49603"}],"version-history":[{"count":2,"href":"https:\/\/africologne-festival.de\/fr\/wp-json\/wp\/v2\/project\/49603\/revisions"}],"predecessor-version":[{"id":51131,"href":"https:\/\/africologne-festival.de\/fr\/wp-json\/wp\/v2\/project\/49603\/revisions\/51131"}],"wp:featuredmedia":[{"embeddable":true,"href":"https:\/\/africologne-festival.de\/fr\/wp-json\/wp\/v2\/media\/49217"}],"wp:attachment":[{"href":"https:\/\/africologne-festival.de\/fr\/wp-json\/wp\/v2\/media?parent=49603"}],"wp:term":[{"taxonomy":"project_category","embeddable":true,"href":"https:\/\/africologne-festival.de\/fr\/wp-json\/wp\/v2\/project_category?post=49603"},{"taxonomy":"project_tag","embeddable":true,"href":"https:\/\/africologne-festival.de\/fr\/wp-json\/wp\/v2\/project_tag?post=49603"}],"curies":[{"name":"wp","href":"https:\/\/api.w.org\/{rel}","templated":true}]}}

Violence et résistance au Sahel

<p><em>L&rsquo;Ingérence </em>raconte l&rsquo;histoire vraie de Jörg Lange, ingénieur civil et coopérant au Burkina Faso, qui a été &lsquo;expulsé&rsquo; du pays du jour au lendemain après son <em>ingérence</em> dans les affaires du pouvoir de l&rsquo;ancien président Blaise Compaoré en 2005. Avec lui et l&rsquo;auteur Justin Stanislas Drabo, nous parlons de la situation au Sahel et de leurs expériences personnelles. Bernhard Bauer lit un extrait du monologue. </p>

<p><strong>AVEC </strong>Justin Stanislas Drabo, Jörg Lange et Bernhard Bauer <strong>MODÉRATION </strong>Olaf Bernau</p>

<p>L&rsquo;Ingérence raconte l&rsquo;histoire vraie de Jörg Lange, ingénieur civil et coopérant au Burkina Faso, qui a été &lsquo;expulsé&rsquo; du pays du jour au lendemain après son ingérence dans les affaires du pouvoir de l&rsquo;ancien président Blaise Compaoré en 2005.</p>
