{"id":52549,"date":"2025-04-08T13:09:11","date_gmt":"2025-04-08T11:09:11","guid":{"rendered":"https:\/\/africologne-festival.de\/project\/fete-africaine\/"},"modified":"2025-05-06T12:47:00","modified_gmt":"2025-05-06T10:47:00","slug":"fete-africaine","status":"publish","type":"project","link":"https:\/\/africologne-festival.de\/fr\/project\/fete-africaine\/","title":{"rendered":"AFRIKAN PARTY"},"content":{"rendered":"\n<p><strong><em>Afrikan Party<\/em> est une ode futuriste aux cultures vari\u00e9es et impressionnantes du continent africain. \u00c0 travers l&rsquo;histoire d&rsquo;un enfant n\u00e9 en 2090 et ayant grandi aux \u00c9tats-Unis d&rsquo;Afrique, <em>Afrikan Party <\/em>parle du mode de vie africain, de la musique, de la mode et d&rsquo;un monde riche en traditions et en rituels. <\/strong><\/p>\n\n<p><br\/>Supa Rich Kids c\u00e9l\u00e8bre la vie en retra\u00e7ant des \u00e9tapes cl\u00e9s, de la naissance \u00e0 la mort, qui relient l&rsquo;enfant \u00e0 son pass\u00e9, son pr\u00e9sent et son avenir. Les danseurs, originaires du Nigeria et de la C\u00f4te d&rsquo;Ivoire, combinent la street dance, le mime, la performance et leurs diff\u00e9rentes origines de danse et de culture dans un festival de danse urbaine color\u00e9, \u00e9nergique et plein d&rsquo;humour.  Test<\/p>\n\n<p><br\/>\u00ab\u00a0<em>Afrikan Party <\/em>\u00a0\u00bb explore les styles de danse de rue africains, l&rsquo;expressivit\u00e9 et les r\u00e9cits de pouvoir dans ces danses qui cherchent toujours \u00e0 \u00eatre reconnues et \u00e0 faire partie de la sph\u00e8re th\u00e9\u00e2trale. Je veux rendre \u00e0 ces danses de rue, qui ont fait de nous ce que nous sommes en tant que danseurs, car elles sont la base et le carburant de notre cr\u00e9ativit\u00e9. Je m&rsquo;int\u00e9resse particuli\u00e8rement au potentiel de transmission d&rsquo;\u00e9motions par le mouvement. Nous voulons changer les r\u00e9cits habituels autour des danses de rue africaines et ouvrir le champ des possibles aux nouvelles g\u00e9n\u00e9rations\u00a0\u00bb. <em>Oulouy<\/em><\/p>\n\n<p><br\/>N\u00e9 en C\u00f4te d&rsquo;Ivoire et vivant \u00e0 Barcelone depuis des d\u00e9cennies, <strong>Oulouy<\/strong> est danseur, chor\u00e9graphe, directeur artistique et donne des masterclasses dans le monde entier. Son \u0153uvre Black (2020) est une r\u00e9flexion sur la violence et l&rsquo;\u00e9mancipation des corps noirs dans la soci\u00e9t\u00e9 actuelle. Elle a \u00e9t\u00e9 s\u00e9lectionn\u00e9e pour <em>Danza a Escena <\/em>2024 afin de partir en tourn\u00e9e en Espagne. Ses \u0153uvres sc\u00e9niques ont \u00e9t\u00e9 pr\u00e9sent\u00e9es, entre autres, au Perelman Performing Arts Center de New York, au Bluma Appel de Toronto, \u00e0 la Fabrik de Potsdam, au Dansens Hus d&rsquo;Oslo, au Mercat de les Flors, au Teatro Principal de Palma, aux Journ\u00e9es Th\u00e9\u00e2trales de Carthage, au Suzanne Dellal Centre et \u00e0 la Dampfzentrale de Berne. En 2022, Oulouy a re\u00e7u une nomination aux XXIVe Prix catalans de la critique des arts du spectacle et une autre aux Dansacat Awards dans la cat\u00e9gorie meilleur danseur de l&rsquo;ann\u00e9e.<em> Afrikan Party<\/em> a re\u00e7u le prix de la meilleure chor\u00e9graphie lors des Catalan Performing Arts Critics Awards (2023) et a \u00e9t\u00e9 int\u00e9gr\u00e9 aux archives chor\u00e9graphiques de la New York Public Library. Oulouy est le fondateur et le commissaire du festival <em>Oyofe<\/em>, consacr\u00e9 \u00e0 la danse de rue. Son \u0153uvre la plus r\u00e9cente est Kong (2024).       <\/p>\n\n<p><strong>CONCEPTION ET DIRECTION<\/strong> Oulouy | <strong>CO-DIRECTION <\/strong>Yemi Osokoya | <strong>CHOREOGRAPHIE<\/strong> <strong>ET PERFORMANCE<\/strong> Supa Rich Kids \/ Oulouy, Yemi Osokoya, Ambrose Tjark | <strong>COSTUME<\/strong> Ambrose Tjark | <strong>DESIGN LUMIERE<\/strong> Manuel Ordenavia | <strong>MUSIQUE<\/strong> DJ Kamol, Julien Roolib, Alieu Aaho, Manu Aerpentar and friend, Pau Clav\u00e9 | <strong>ACCOMPAGNEMENT<\/strong> <strong>EXTERNE<\/strong> A\u00efda Colmenero D\u00efaz | <strong>PRODUCTION<\/strong> <strong>ET<\/strong> <strong>DISTRIBUTION<\/strong> Africa Moment | <strong>COOPRODUCTION<\/strong> Service culturel de la Generalitat de Catalunya, Terrassa Arts Esc\u00e8niques \/ Ajuntament de Terrassa<\/p>\n","protected":false},"excerpt":{"rendered":"<p>Afrikan Party est une ode futuriste aux cultures vari\u00e9es et impressionnantes du continent africain. \u00c0 travers l&rsquo;histoire d&rsquo;un enfant n\u00e9 en 2090 et ayant grandi aux \u00c9tats-Unis d&rsquo;Afrique, Afrikan Party parle du mode de vie africain, de la musique, de la mode et d&rsquo;un monde riche en traditions et en rituels. Supa Rich Kids c\u00e9l\u00e8bre [&hellip;]<\/p>\n","protected":false},"author":11,"featured_media":51990,"comment_status":"closed","ping_status":"closed","template":"","meta":{"_acf_changed":false,"_et_pb_use_builder":"","_et_pb_old_content":"","_et_gb_content_width":"","footnotes":""},"project_category":[134,140,106],"project_tag":[],"class_list":["post-52549","project","type-project","status-publish","has-post-thumbnail","hentry","project_category-19-06-fr","project_category-20-06-fr","project_category-2025-fr"],"acf":[],"_links":{"self":[{"href":"https:\/\/africologne-festival.de\/fr\/wp-json\/wp\/v2\/project\/52549","targetHints":{"allow":["GET"]}}],"collection":[{"href":"https:\/\/africologne-festival.de\/fr\/wp-json\/wp\/v2\/project"}],"about":[{"href":"https:\/\/africologne-festival.de\/fr\/wp-json\/wp\/v2\/types\/project"}],"author":[{"embeddable":true,"href":"https:\/\/africologne-festival.de\/fr\/wp-json\/wp\/v2\/users\/11"}],"replies":[{"embeddable":true,"href":"https:\/\/africologne-festival.de\/fr\/wp-json\/wp\/v2\/comments?post=52549"}],"version-history":[{"count":3,"href":"https:\/\/africologne-festival.de\/fr\/wp-json\/wp\/v2\/project\/52549\/revisions"}],"predecessor-version":[{"id":53126,"href":"https:\/\/africologne-festival.de\/fr\/wp-json\/wp\/v2\/project\/52549\/revisions\/53126"}],"wp:featuredmedia":[{"embeddable":true,"href":"https:\/\/africologne-festival.de\/fr\/wp-json\/wp\/v2\/media\/51990"}],"wp:attachment":[{"href":"https:\/\/africologne-festival.de\/fr\/wp-json\/wp\/v2\/media?parent=52549"}],"wp:term":[{"taxonomy":"project_category","embeddable":true,"href":"https:\/\/africologne-festival.de\/fr\/wp-json\/wp\/v2\/project_category?post=52549"},{"taxonomy":"project_tag","embeddable":true,"href":"https:\/\/africologne-festival.de\/fr\/wp-json\/wp\/v2\/project_tag?post=52549"}],"curies":[{"name":"wp","href":"https:\/\/api.w.org\/{rel}","templated":true}]}}

<p><strong><em>Afrikan Party</em> est une ode futuriste aux cultures variées et impressionnantes du continent africain. À travers l&rsquo;histoire d&rsquo;un enfant né en 2090 et ayant grandi aux États-Unis d&rsquo;Afrique, <em>Afrikan Party </em>parle du mode de vie africain, de la musique, de la mode et d&rsquo;un monde riche en traditions et en rituels. </strong></p>

<p><br/>Supa Rich Kids célèbre la vie en retraçant des étapes clés, de la naissance à la mort, qui relient l&rsquo;enfant à son passé, son présent et son avenir. Les danseurs, originaires du Nigeria et de la Côte d&rsquo;Ivoire, combinent la street dance, le mime, la performance et leurs différentes origines de danse et de culture dans un festival de danse urbaine coloré, énergique et plein d&rsquo;humour.  Test</p>

<p><br/>« <em>Afrikan Party </em> » explore les styles de danse de rue africains, l&rsquo;expressivité et les récits de pouvoir dans ces danses qui cherchent toujours à être reconnues et à faire partie de la sphère théâtrale. Je veux rendre à ces danses de rue, qui ont fait de nous ce que nous sommes en tant que danseurs, car elles sont la base et le carburant de notre créativité. Je m&rsquo;intéresse particulièrement au potentiel de transmission d&rsquo;émotions par le mouvement. Nous voulons changer les récits habituels autour des danses de rue africaines et ouvrir le champ des possibles aux nouvelles générations ». <em>Oulouy</em></p>

<p><br/>Né en Côte d&rsquo;Ivoire et vivant à Barcelone depuis des décennies, <strong>Oulouy</strong> est danseur, chorégraphe, directeur artistique et donne des masterclasses dans le monde entier. Son œuvre Black (2020) est une réflexion sur la violence et l&rsquo;émancipation des corps noirs dans la société actuelle. Elle a été sélectionnée pour <em>Danza a Escena </em>2024 afin de partir en tournée en Espagne. Ses œuvres scéniques ont été présentées, entre autres, au Perelman Performing Arts Center de New York, au Bluma Appel de Toronto, à la Fabrik de Potsdam, au Dansens Hus d&rsquo;Oslo, au Mercat de les Flors, au Teatro Principal de Palma, aux Journées Théâtrales de Carthage, au Suzanne Dellal Centre et à la Dampfzentrale de Berne. En 2022, Oulouy a reçu une nomination aux XXIVe Prix catalans de la critique des arts du spectacle et une autre aux Dansacat Awards dans la catégorie meilleur danseur de l&rsquo;année.<em> Afrikan Party</em> a reçu le prix de la meilleure chorégraphie lors des Catalan Performing Arts Critics Awards (2023) et a été intégré aux archives chorégraphiques de la New York Public Library. Oulouy est le fondateur et le commissaire du festival <em>Oyofe</em>, consacré à la danse de rue. Son œuvre la plus récente est Kong (2024).       </p>

<p><strong>CONCEPTION ET DIRECTION</strong> Oulouy | <strong>CO-DIRECTION </strong>Yemi Osokoya | <strong>CHOREOGRAPHIE</strong> <strong>ET PERFORMANCE</strong> Supa Rich Kids / Oulouy, Yemi Osokoya, Ambrose Tjark | <strong>COSTUME</strong> Ambrose Tjark | <strong>DESIGN LUMIERE</strong> Manuel Ordenavia | <strong>MUSIQUE</strong> DJ Kamol, Julien Roolib, Alieu Aaho, Manu Aerpentar and friend, Pau Clavé | <strong>ACCOMPAGNEMENT</strong> <strong>EXTERNE</strong> Aïda Colmenero Dïaz | <strong>PRODUCTION</strong> <strong>ET</strong> <strong>DISTRIBUTION</strong> Africa Moment | <strong>COOPRODUCTION</strong> Service culturel de la Generalitat de Catalunya, Terrassa Arts Escèniques / Ajuntament de Terrassa</p>

<p>Afrikan Party est une ode futuriste aux cultures variées et impressionnantes du continent africain. À travers l&rsquo;histoire d&rsquo;un enfant né en 2090 et ayant grandi aux États-Unis d&rsquo;Afrique, Afrikan Party parle du mode de vie africain, de la musique, de la mode et d&rsquo;un monde riche en traditions et en rituels. Supa Rich Kids célèbre [&hellip;]</p>
