{"id":53117,"date":"2025-04-14T11:24:14","date_gmt":"2025-04-14T09:24:14","guid":{"rendered":"https:\/\/africologne-festival.de\/project\/madaniya\/"},"modified":"2026-03-13T09:34:07","modified_gmt":"2026-03-13T08:34:07","slug":"madaniya","status":"publish","type":"project","link":"https:\/\/africologne-festival.de\/fr\/project\/madaniya\/","title":{"rendered":"MADANIYA"},"content":{"rendered":"\n<p>Dans le cadre du dialogFORUM, nous projetterons le film Madaniya en coop\u00e9ration avec Afrika Film Festival. R\u00e9alisateur : Mohamed Subahi, Soudan, 2024, OmeU, 75 minutes. <br\/><br\/><em>Madaniya<\/em> raconte l\u2019histoire de trois jeunes soudanais qui luttent pour changer de vie tout en affrontant les profonds changements provoqu\u00e9s par la R\u00e9volution de d\u00e9cembre. Le documentaire suit le parcours de Django, Esra et Mou\u2019men, trois jeunes soudanais participant \u00e0 la r\u00e9volution. Ils r\u00e9sistent chacun \u00e0 sa mani\u00e8re, en utilisant leurs comp\u00e9tences individuelles, en explorant diff\u00e9rents moyens et actions et en s\u2019int\u00e9grant \u00e0 diff\u00e9rentes communaut\u00e9s. Malgr\u00e9 leur diversit\u00e9, ils partagent tous un objectif commun : MADANIYA \u2013 un gouvernement civil.   <\/p>\n\n<p><strong>R\u00c9ALISATION<\/strong> Mohamed Subahi<\/p>\n\n<p>Nous pr\u00e9sentons le film <em>Madaniya<\/em> dans le cadre du dialogFORUM en coop\u00e9ration avec le <em>Afrika Film Festival K\u00f6ln<\/em>.<\/p>\n\n<p><\/p>\n","protected":false},"excerpt":{"rendered":"<p>Dans le cadre du dialogFORUM, nous projetterons le film Madaniya en coop\u00e9ration avec Afrika Film Festival. R\u00e9alisateur : Mohamed Subahi, Soudan, 2024, OmeU, 75 minutes. Madaniya raconte l\u2019histoire de trois jeunes soudanais qui luttent pour changer de vie tout en affrontant les profonds changements provoqu\u00e9s par la R\u00e9volution de d\u00e9cembre. Le documentaire suit le parcours [&hellip;]<\/p>\n","protected":false},"author":10,"featured_media":52993,"comment_status":"closed","ping_status":"closed","template":"","meta":{"_acf_changed":false,"_et_pb_use_builder":"","_et_pb_old_content":"","_et_gb_content_width":"","footnotes":""},"project_category":[142,106],"project_tag":[],"class_list":["post-53117","project","type-project","status-publish","has-post-thumbnail","hentry","project_category-18-06-fr","project_category-2025-fr"],"acf":[],"_links":{"self":[{"href":"https:\/\/africologne-festival.de\/fr\/wp-json\/wp\/v2\/project\/53117","targetHints":{"allow":["GET"]}}],"collection":[{"href":"https:\/\/africologne-festival.de\/fr\/wp-json\/wp\/v2\/project"}],"about":[{"href":"https:\/\/africologne-festival.de\/fr\/wp-json\/wp\/v2\/types\/project"}],"author":[{"embeddable":true,"href":"https:\/\/africologne-festival.de\/fr\/wp-json\/wp\/v2\/users\/10"}],"replies":[{"embeddable":true,"href":"https:\/\/africologne-festival.de\/fr\/wp-json\/wp\/v2\/comments?post=53117"}],"version-history":[{"count":7,"href":"https:\/\/africologne-festival.de\/fr\/wp-json\/wp\/v2\/project\/53117\/revisions"}],"predecessor-version":[{"id":54053,"href":"https:\/\/africologne-festival.de\/fr\/wp-json\/wp\/v2\/project\/53117\/revisions\/54053"}],"wp:featuredmedia":[{"embeddable":true,"href":"https:\/\/africologne-festival.de\/fr\/wp-json\/wp\/v2\/media\/52993"}],"wp:attachment":[{"href":"https:\/\/africologne-festival.de\/fr\/wp-json\/wp\/v2\/media?parent=53117"}],"wp:term":[{"taxonomy":"project_category","embeddable":true,"href":"https:\/\/africologne-festival.de\/fr\/wp-json\/wp\/v2\/project_category?post=53117"},{"taxonomy":"project_tag","embeddable":true,"href":"https:\/\/africologne-festival.de\/fr\/wp-json\/wp\/v2\/project_tag?post=53117"}],"curies":[{"name":"wp","href":"https:\/\/api.w.org\/{rel}","templated":true}]}}

<p>Dans le cadre du dialogFORUM, nous projetterons le film Madaniya en coopération avec Afrika Film Festival. Réalisateur : Mohamed Subahi, Soudan, 2024, OmeU, 75 minutes. <br/><br/><em>Madaniya</em> raconte l’histoire de trois jeunes soudanais qui luttent pour changer de vie tout en affrontant les profonds changements provoqués par la Révolution de décembre. Le documentaire suit le parcours de Django, Esra et Mou’men, trois jeunes soudanais participant à la révolution. Ils résistent chacun à sa manière, en utilisant leurs compétences individuelles, en explorant différents moyens et actions et en s’intégrant à différentes communautés. Malgré leur diversité, ils partagent tous un objectif commun : MADANIYA – un gouvernement civil.   </p>

<p><strong>RÉALISATION</strong> Mohamed Subahi</p>

<p>Nous présentons le film <em>Madaniya</em> dans le cadre du dialogFORUM en coopération avec le <em>Afrika Film Festival Köln</em>.</p>

<p></p>

<p>Dans le cadre du dialogFORUM, nous projetterons le film Madaniya en coopération avec Afrika Film Festival. Réalisateur : Mohamed Subahi, Soudan, 2024, OmeU, 75 minutes. Madaniya raconte l’histoire de trois jeunes soudanais qui luttent pour changer de vie tout en affrontant les profonds changements provoqués par la Révolution de décembre. Le documentaire suit le parcours [&hellip;]</p>
